{"id":352,"date":"2022-10-02T11:05:43","date_gmt":"2022-10-02T09:05:43","guid":{"rendered":"https:\/\/kiube.se\/zon9\/?page_id=352"},"modified":"2022-10-28T14:00:15","modified_gmt":"2022-10-28T12:00:15","slug":"ordlista","status":"publish","type":"page","link":"https:\/\/kiube.se\/zon9\/ordlista\/","title":{"rendered":"Ordlista"},"content":{"rendered":"<h4>Associera<\/h4>\n<p>Umg\u00e5s, f\u00f6rknippa, f\u00f6rbinda, ansluta sig, associera sig ,kollega<\/p>\n<p>colleague, fellow, associate, cohort partner, copartner, part-owner, Associate, fellow<\/p>\n<h4><span class=\"huvud\"><span class=\"uppslag\">Budb\u00e4rare<\/span><\/span><\/h4>\n<p><span class=\"def\">St\u00e5ende figur i antika tragedier som \u00e5terber\u00e4ttar tragiska och dramatiska ber\u00e4ttelser.<\/span><\/p>\n<p><b>Kurir,<\/b>\u00a0<a title=\"Franska\" href=\"https:\/\/sv.wikipedia.org\/wiki\/Franska\">franska<\/a>\u00a0<i>courier,<\/i>\u00a0&#8221;l\u00f6pare&#8221;,\u00a0<a class=\"mw-redirect\" title=\"Budb\u00e4rare\" href=\"https:\/\/sv.wikipedia.org\/wiki\/Budb%C3%A4rare\">budb\u00e4rare<\/a>, ordonnans, en person eller f\u00f6retag som levererar meddelanden eller paket. Med kurirgods avses gods som \u00e5tf\u00f6ljs eller transporteras av en kurir, ofta i syfte att s\u00e4kerst\u00e4lla att ingen obeh\u00f6rig kan ta del av inneh\u00e5llet.<\/p>\n<p>Ordet\u00a0<a title=\"\u00c4ngel\" href=\"https:\/\/sv.wikipedia.org\/wiki\/%C3%84ngel\">\u00e4ngel<\/a>\u00a0kommer fr\u00e5n det grekiska ordet f\u00f6r budb\u00e4rare. Den mer klassiske budb\u00e4raren som ridande f\u00f6r budskap mellan tv\u00e5\u00a0<a title=\"Furste\" href=\"https:\/\/sv.wikipedia.org\/wiki\/Furste\">furstar<\/a>\u00a0(eller liknande) eller l\u00e4mnar budskap mellan tv\u00e5 olika\u00a0<a title=\"Frontlinje\" href=\"https:\/\/sv.wikipedia.org\/wiki\/Frontlinje\">fronter<\/a>\u00a0i krig \u00e4r numera ovanlig. Detta beror fr\u00e4mst p\u00e5 fungerande\u00a0<a title=\"Telefon\" href=\"https:\/\/sv.wikipedia.org\/wiki\/Telefon\">telefoner<\/a>, fungerande postservice och\u00a0<a class=\"mw-redirect\" title=\"Datakommunikation\" href=\"https:\/\/sv.wikipedia.org\/wiki\/Datakommunikation\">datakommunikation<\/a>.<\/p>\n<p>Under det antika Grekland fick budb\u00e4raren ber\u00e4tta om de tragiska och dramatiska h\u00e4ndelserna i olika pj\u00e4ser. Detta d\u00e5 man inte kunde gestalta mord med mera p\u00e5 grund av att teatrarna l\u00e5g i guden\u00a0<a title=\"Dionysos\" href=\"https:\/\/sv.wikipedia.org\/wiki\/Dionysos\">Dionysos<\/a>\u00a0skyddsomr\u00e5de.<\/p>\n<p>En sorts budb\u00e4rare har dock f\u00e5tt st\u00f6rre m\u00f6jligheter n\u00e4mligen den som vill f\u00f6rmedla ett budskap genom tal. Genom internet, en \u00f6kad\u00a0<a title=\"Globalisering\" href=\"https:\/\/sv.wikipedia.org\/wiki\/Globalisering\">globalisering<\/a>\u00a0och h\u00e5rdare mediabevakning sprids ett budskap snabbt.<\/p>\n<h4>Videocirkel<\/h4>\n<h4>Cirkelledare<\/h4>\n<h4>Bibliotek<\/h4>\n<h4>Arkiv<\/h4>\n","protected":false},"excerpt":{"rendered":"<p>Associera Umg\u00e5s, f\u00f6rknippa, f\u00f6rbinda, ansluta sig, associera sig ,kollega colleague, fellow, associate, cohort partner, copartner, part-owner, Associate, fellow Budb\u00e4rare St\u00e5ende figur i antika tragedier som \u00e5terber\u00e4ttar tragiska och dramatiska ber\u00e4ttelser. Kurir,\u00a0franska\u00a0courier,\u00a0&#8221;l\u00f6pare&#8221;,\u00a0budb\u00e4rare, ordonnans, en person eller f\u00f6retag som levererar meddelanden eller paket. Med kurirgods avses gods som \u00e5tf\u00f6ljs eller transporteras av en kurir, ofta i syfte &#8230; <a title=\"Ordlista\" class=\"read-more\" href=\"https:\/\/kiube.se\/zon9\/ordlista\/\" aria-label=\"L\u00e4s mer om Ordlista\">L\u00e4s mer<\/a><\/p>\n","protected":false},"author":118,"featured_media":0,"parent":0,"menu_order":0,"comment_status":"closed","ping_status":"closed","template":"","meta":{"footnotes":""},"class_list":["post-352","page","type-page","status-publish"],"_links":{"self":[{"href":"https:\/\/kiube.se\/zon9\/wp-json\/wp\/v2\/pages\/352","targetHints":{"allow":["GET"]}}],"collection":[{"href":"https:\/\/kiube.se\/zon9\/wp-json\/wp\/v2\/pages"}],"about":[{"href":"https:\/\/kiube.se\/zon9\/wp-json\/wp\/v2\/types\/page"}],"author":[{"embeddable":true,"href":"https:\/\/kiube.se\/zon9\/wp-json\/wp\/v2\/users\/118"}],"replies":[{"embeddable":true,"href":"https:\/\/kiube.se\/zon9\/wp-json\/wp\/v2\/comments?post=352"}],"version-history":[{"count":0,"href":"https:\/\/kiube.se\/zon9\/wp-json\/wp\/v2\/pages\/352\/revisions"}],"wp:attachment":[{"href":"https:\/\/kiube.se\/zon9\/wp-json\/wp\/v2\/media?parent=352"}],"curies":[{"name":"wp","href":"https:\/\/api.w.org\/{rel}","templated":true}]}}