{"id":2,"date":"2020-01-09T18:23:25","date_gmt":"2020-01-09T17:23:25","guid":{"rendered":"http:\/\/kiube.se\/zon7\/?page_id=2"},"modified":"2020-01-12T13:24:48","modified_gmt":"2020-01-12T12:24:48","slug":"exempelsida","status":"publish","type":"page","link":"https:\/\/kiube.se\/zon7\/exempelsida\/","title":{"rendered":"Om"},"content":{"rendered":"\n<p>Denna site inneh\u00e5ller presentationer gjorda direkt i WordPress. <\/p>\n\n\n\n<p>F\u00f6r att byta slide anv\u00e4nd piltangenter h\u00f6ger och v\u00e4nster<\/p>\n","protected":false},"excerpt":{"rendered":"<p>Denna site inneh\u00e5ller presentationer gjorda direkt i WordPress. F\u00f6r att byta slide anv\u00e4nd piltangenter h\u00f6ger och v\u00e4nster<\/p>\n","protected":false},"author":131,"featured_media":0,"parent":0,"menu_order":0,"comment_status":"closed","ping_status":"open","template":"","meta":{"footnotes":""},"class_list":["post-2","page","type-page","status-publish","hentry"],"_links":{"self":[{"href":"https:\/\/kiube.se\/zon7\/wp-json\/wp\/v2\/pages\/2","targetHints":{"allow":["GET"]}}],"collection":[{"href":"https:\/\/kiube.se\/zon7\/wp-json\/wp\/v2\/pages"}],"about":[{"href":"https:\/\/kiube.se\/zon7\/wp-json\/wp\/v2\/types\/page"}],"author":[{"embeddable":true,"href":"https:\/\/kiube.se\/zon7\/wp-json\/wp\/v2\/users\/131"}],"replies":[{"embeddable":true,"href":"https:\/\/kiube.se\/zon7\/wp-json\/wp\/v2\/comments?post=2"}],"version-history":[{"count":0,"href":"https:\/\/kiube.se\/zon7\/wp-json\/wp\/v2\/pages\/2\/revisions"}],"wp:attachment":[{"href":"https:\/\/kiube.se\/zon7\/wp-json\/wp\/v2\/media?parent=2"}],"curies":[{"name":"wp","href":"https:\/\/api.w.org\/{rel}","templated":true}]}}