{"id":299,"date":"2019-05-30T10:08:52","date_gmt":"2019-05-30T08:08:52","guid":{"rendered":"http:\/\/kiube.se\/zon6\/?page_id=299"},"modified":"2019-06-04T11:10:54","modified_gmt":"2019-06-04T09:10:54","slug":"lexicon","status":"publish","type":"page","link":"https:\/\/kiube.se\/zon6\/lexicon\/","title":{"rendered":"Lexicon"},"content":{"rendered":"<p>Ord som kan vara bra att k\u00e4nna till inom denna dom\u00e4n. Det \u00e4r vanligt att blanda spr\u00e5k n\u00e4r man talar om vissa saker speciellt inom vissa fackdom\u00e4ner. Men \u00e4ven f\u00f6rkortningar anv\u00e4nds som utryck och har ofta sin f\u00f6rklaring i ursprungsspr\u00e5ket, d\u00e4rf\u00f6r kan det \u00e4ven vara bra att ha en \u00f6versikt av ben\u00e4mningar och dess betydelse<\/p>\n<p>&nbsp;<\/p>\n<hr \/>\n<p>&nbsp;<\/p>\n<p><strong>Dropout<\/strong><br \/>\nEn industristandard f\u00f6r sk dropout p\u00e5 framgaffel \u00e4r 100mm och axel diameter 10 mm, och f\u00f6r bakaxel \u00e4r dropout 135mm. Motoraxlar kan vara 10mm runda eller 12mm med nedfr\u00e4sta plana ytor p\u00e5 10mm och bak 14mm axel nedfr\u00e4st tlll 10mm<br \/>\n<strong>&#8221;Lawer lips&#8221;<\/strong><br \/>\nen f\u00f6rdjupning i anl\u00e4ggningsytan f\u00f6r mutter. Fyller en funktion framf\u00f6r allt vid anv\u00e4ndning av snabbkopplingar till hjulen.<\/p>\n<p><strong>ERD<\/strong><\/p>\n<p><strong>Dishing<\/strong><\/p>\n<p><strong>Spoke<\/strong><\/p>\n<p>Crankshaft Vevparti<\/p>\n","protected":false},"excerpt":{"rendered":"<p>Ord som kan vara bra att k\u00e4nna till inom denna dom\u00e4n. Det \u00e4r vanligt att blanda spr\u00e5k n\u00e4r man talar om vissa saker speciellt inom vissa fackdom\u00e4ner. Men \u00e4ven f\u00f6rkortningar anv\u00e4nds som utryck och har ofta sin f\u00f6rklaring i ursprungsspr\u00e5ket, d\u00e4rf\u00f6r kan det \u00e4ven vara bra att ha en \u00f6versikt av ben\u00e4mningar och dess betydelse &hellip; <a href=\"https:\/\/kiube.se\/zon6\/lexicon\/\" class=\"more-link\">Forts\u00e4tt l\u00e4sa <span class=\"screen-reader-text\">Lexicon<\/span> <span class=\"meta-nav\">&rarr;<\/span><\/a><\/p>\n","protected":false},"author":131,"featured_media":0,"parent":0,"menu_order":0,"comment_status":"closed","ping_status":"closed","template":"","meta":{"jetpack_post_was_ever_published":false,"footnotes":""},"class_list":["post-299","page","type-page","status-publish","hentry"],"jetpack_sharing_enabled":true,"jetpack_shortlink":"https:\/\/wp.me\/Paz7Fi-4P","_links":{"self":[{"href":"https:\/\/kiube.se\/zon6\/wp-json\/wp\/v2\/pages\/299","targetHints":{"allow":["GET"]}}],"collection":[{"href":"https:\/\/kiube.se\/zon6\/wp-json\/wp\/v2\/pages"}],"about":[{"href":"https:\/\/kiube.se\/zon6\/wp-json\/wp\/v2\/types\/page"}],"author":[{"embeddable":true,"href":"https:\/\/kiube.se\/zon6\/wp-json\/wp\/v2\/users\/131"}],"replies":[{"embeddable":true,"href":"https:\/\/kiube.se\/zon6\/wp-json\/wp\/v2\/comments?post=299"}],"version-history":[{"count":0,"href":"https:\/\/kiube.se\/zon6\/wp-json\/wp\/v2\/pages\/299\/revisions"}],"wp:attachment":[{"href":"https:\/\/kiube.se\/zon6\/wp-json\/wp\/v2\/media?parent=299"}],"curies":[{"name":"wp","href":"https:\/\/api.w.org\/{rel}","templated":true}]}}