{"id":2,"date":"2016-08-02T13:30:37","date_gmt":"2016-08-02T11:30:37","guid":{"rendered":"http:\/\/kiube.se\/zon3\/?page_id=2"},"modified":"2025-04-24T08:05:49","modified_gmt":"2025-04-24T06:05:49","slug":"vision","status":"publish","type":"page","link":"https:\/\/kiube.se\/zon3\/vision\/","title":{"rendered":"Vision"},"content":{"rendered":"<p><img data-recalc-dims=\"1\" loading=\"lazy\" decoding=\"async\" data-attachment-id=\"14\" data-permalink=\"https:\/\/kiube.se\/zon3\/vision\/screenshot-2016-07-24-at-08-57-44\/\" data-orig-file=\"https:\/\/i0.wp.com\/s3.eu-north-1.amazonaws.com\/kiube.se\/wp-content\/uploads\/sites\/97\/2016\/08\/26181607\/Screenshot-2016-07-24-at-08.57.44.png?fit=1650%2C928&amp;ssl=1\" data-orig-size=\"1650,928\" data-comments-opened=\"0\" data-image-meta=\"{&quot;aperture&quot;:&quot;0&quot;,&quot;credit&quot;:&quot;&quot;,&quot;camera&quot;:&quot;&quot;,&quot;caption&quot;:&quot;&quot;,&quot;created_timestamp&quot;:&quot;0&quot;,&quot;copyright&quot;:&quot;&quot;,&quot;focal_length&quot;:&quot;0&quot;,&quot;iso&quot;:&quot;0&quot;,&quot;shutter_speed&quot;:&quot;0&quot;,&quot;title&quot;:&quot;&quot;,&quot;orientation&quot;:&quot;0&quot;}\" data-image-title=\"Screenshot 2016-07-24 at 08.57.44\" data-image-description=\"\" data-image-caption=\"\" data-large-file=\"https:\/\/i0.wp.com\/s3.eu-north-1.amazonaws.com\/kiube.se\/wp-content\/uploads\/sites\/97\/2016\/08\/26181607\/Screenshot-2016-07-24-at-08.57.44.png?fit=1024%2C576&amp;ssl=1\" class=\"alignnone wp-image-14 size-medium\" src=\"https:\/\/i0.wp.com\/s3.eu-north-1.amazonaws.com\/kiube.se\/wp-content\/uploads\/sites\/97\/2016\/08\/26181607\/Screenshot-2016-07-24-at-08.57.44-300x169.png?resize=300%2C169&#038;ssl=1\" alt=\"Screenshot 2016-07-24 at 08.57.44\" width=\"300\" height=\"169\" srcset=\"https:\/\/s3.eu-north-1.amazonaws.com\/kiube.se\/wp-content\/uploads\/sites\/97\/2016\/08\/26181607\/Screenshot-2016-07-24-at-08.57.44.png 300w, https:\/\/s3.eu-north-1.amazonaws.com\/kiube.se\/wp-content\/uploads\/sites\/97\/2016\/08\/26181607\/Screenshot-2016-07-24-at-08.57.44.png 768w, https:\/\/s3.eu-north-1.amazonaws.com\/kiube.se\/wp-content\/uploads\/sites\/97\/2016\/08\/26181607\/Screenshot-2016-07-24-at-08.57.44.png 1024w, https:\/\/s3.eu-north-1.amazonaws.com\/kiube.se\/wp-content\/uploads\/sites\/97\/2016\/08\/26181607\/Screenshot-2016-07-24-at-08.57.44.png 1650w\" sizes=\"auto, (max-width: 300px) 100vw, 300px\" \/><br \/>\nSkapa attraktiva produkter som ger gl\u00e4dje under en l\u00e5ng tid.<br \/>\nSkapa h\u00f6gre v\u00e4rde och resursutnyttjande genom att utnyttja delningsekonomin<br \/>\nGenom att basera l\u00f6sningar p\u00e5 \u00f6ppna standarder och underl\u00e4tta delning av information och kunskap<br \/>\nG\u00f6ra det enklare att ta betalt f\u00f6r nyttjande ist\u00e4llet f\u00f6r \u00e4gande<\/p>\n<p>Utnyttja Creative Commons och andra licenser som erbjuder upphovsr\u00e4ttsliga principer som st\u00f6djer och underl\u00e4ttar att digital kunskap kan delas.<\/p>\n","protected":false},"excerpt":{"rendered":"<p>Skapa attraktiva produkter som ger gl\u00e4dje under en l\u00e5ng tid. Skapa h\u00f6gre v\u00e4rde och resursutnyttjande genom att utnyttja delningsekonomin Genom att basera l\u00f6sningar p\u00e5 \u00f6ppna standarder och underl\u00e4tta delning av information och kunskap G\u00f6ra det enklare att ta betalt f\u00f6r nyttjande ist\u00e4llet f\u00f6r \u00e4gande Utnyttja Creative Commons och andra licenser som erbjuder upphovsr\u00e4ttsliga principer som [&hellip;]<\/p>\n","protected":false},"author":131,"featured_media":0,"parent":0,"menu_order":0,"comment_status":"closed","ping_status":"open","template":"","meta":{"footnotes":""},"class_list":{"0":"post-2","1":"page","2":"type-page","3":"status-publish","5":"entry"},"yoast_head":"<!-- This site is optimized with the Yoast SEO plugin v27.5 - https:\/\/yoast.com\/product\/yoast-seo-wordpress\/ -->\n<title>Vision - Design Greenhouse<\/title>\n<meta name=\"robots\" content=\"index, follow, max-snippet:-1, max-image-preview:large, max-video-preview:-1\" \/>\n<link rel=\"canonical\" href=\"https:\/\/kiube.se\/zon3\/vision\/\" \/>\n<meta property=\"og:locale\" content=\"sv_SE\" \/>\n<meta property=\"og:type\" content=\"article\" \/>\n<meta property=\"og:title\" content=\"Vision - Design Greenhouse\" \/>\n<meta property=\"og:description\" content=\"Skapa attraktiva produkter som ger gl\u00e4dje under en l\u00e5ng tid. Skapa h\u00f6gre v\u00e4rde och resursutnyttjande genom att utnyttja delningsekonomin Genom att basera l\u00f6sningar p\u00e5 \u00f6ppna standarder och underl\u00e4tta delning av information och kunskap G\u00f6ra det enklare att ta betalt f\u00f6r nyttjande ist\u00e4llet f\u00f6r \u00e4gande Utnyttja Creative Commons och andra licenser som erbjuder upphovsr\u00e4ttsliga principer som [&hellip;]\" \/>\n<meta property=\"og:url\" content=\"https:\/\/kiube.se\/zon3\/vision\/\" \/>\n<meta property=\"og:site_name\" content=\"Design Greenhouse\" \/>\n<meta property=\"article:modified_time\" content=\"2025-04-24T06:05:49+00:00\" \/>\n<meta property=\"og:image\" content=\"https:\/\/kiube.se\/zon3\/files\/2016\/08\/Screenshot-2016-07-24-at-08.57.44-300x169.png\" \/>\n<meta name=\"twitter:card\" content=\"summary_large_image\" \/>\n<meta name=\"twitter:label1\" content=\"Ber\u00e4knad l\u00e4stid\" \/>\n\t<meta name=\"twitter:data1\" content=\"1 minut\" \/>\n<script type=\"application\/ld+json\" class=\"yoast-schema-graph\">{\"@context\":\"https:\\\/\\\/schema.org\",\"@graph\":[{\"@type\":\"WebPage\",\"@id\":\"https:\\\/\\\/kiube.se\\\/zon3\\\/vision\\\/\",\"url\":\"https:\\\/\\\/kiube.se\\\/zon3\\\/vision\\\/\",\"name\":\"Vision - Design Greenhouse\",\"isPartOf\":{\"@id\":\"https:\\\/\\\/kiube.se\\\/zon3\\\/#website\"},\"primaryImageOfPage\":{\"@id\":\"https:\\\/\\\/kiube.se\\\/zon3\\\/vision\\\/#primaryimage\"},\"image\":{\"@id\":\"https:\\\/\\\/kiube.se\\\/zon3\\\/vision\\\/#primaryimage\"},\"thumbnailUrl\":\"https:\\\/\\\/kiube.se\\\/zon3\\\/files\\\/2016\\\/08\\\/Screenshot-2016-07-24-at-08.57.44-300x169.png\",\"datePublished\":\"2016-08-02T11:30:37+00:00\",\"dateModified\":\"2025-04-24T06:05:49+00:00\",\"breadcrumb\":{\"@id\":\"https:\\\/\\\/kiube.se\\\/zon3\\\/vision\\\/#breadcrumb\"},\"inLanguage\":\"sv-SE\",\"potentialAction\":[{\"@type\":\"ReadAction\",\"target\":[\"https:\\\/\\\/kiube.se\\\/zon3\\\/vision\\\/\"]}]},{\"@type\":\"ImageObject\",\"inLanguage\":\"sv-SE\",\"@id\":\"https:\\\/\\\/kiube.se\\\/zon3\\\/vision\\\/#primaryimage\",\"url\":\"https:\\\/\\\/i0.wp.com\\\/s3.eu-north-1.amazonaws.com\\\/kiube.se\\\/wp-content\\\/uploads\\\/sites\\\/97\\\/2016\\\/08\\\/26181607\\\/Screenshot-2016-07-24-at-08.57.44.png?fit=1650%2C928&ssl=1\",\"contentUrl\":\"https:\\\/\\\/i0.wp.com\\\/s3.eu-north-1.amazonaws.com\\\/kiube.se\\\/wp-content\\\/uploads\\\/sites\\\/97\\\/2016\\\/08\\\/26181607\\\/Screenshot-2016-07-24-at-08.57.44.png?fit=1650%2C928&ssl=1\",\"width\":1650,\"height\":928},{\"@type\":\"BreadcrumbList\",\"@id\":\"https:\\\/\\\/kiube.se\\\/zon3\\\/vision\\\/#breadcrumb\",\"itemListElement\":[{\"@type\":\"ListItem\",\"position\":1,\"name\":\"Hem\",\"item\":\"https:\\\/\\\/kiube.se\\\/zon3\\\/\"},{\"@type\":\"ListItem\",\"position\":2,\"name\":\"Vision\"}]},{\"@type\":\"WebSite\",\"@id\":\"https:\\\/\\\/kiube.se\\\/zon3\\\/#website\",\"url\":\"https:\\\/\\\/kiube.se\\\/zon3\\\/\",\"name\":\"Design Greenhouse\",\"description\":\"Design with a purpose\",\"potentialAction\":[{\"@type\":\"SearchAction\",\"target\":{\"@type\":\"EntryPoint\",\"urlTemplate\":\"https:\\\/\\\/kiube.se\\\/zon3\\\/?s={search_term_string}\"},\"query-input\":{\"@type\":\"PropertyValueSpecification\",\"valueRequired\":true,\"valueName\":\"search_term_string\"}}],\"inLanguage\":\"sv-SE\"}]}<\/script>\n<!-- \/ Yoast SEO plugin. -->","yoast_head_json":{"title":"Vision - Design Greenhouse","robots":{"index":"index","follow":"follow","max-snippet":"max-snippet:-1","max-image-preview":"max-image-preview:large","max-video-preview":"max-video-preview:-1"},"canonical":"https:\/\/kiube.se\/zon3\/vision\/","og_locale":"sv_SE","og_type":"article","og_title":"Vision - Design Greenhouse","og_description":"Skapa attraktiva produkter som ger gl\u00e4dje under en l\u00e5ng tid. Skapa h\u00f6gre v\u00e4rde och resursutnyttjande genom att utnyttja delningsekonomin Genom att basera l\u00f6sningar p\u00e5 \u00f6ppna standarder och underl\u00e4tta delning av information och kunskap G\u00f6ra det enklare att ta betalt f\u00f6r nyttjande ist\u00e4llet f\u00f6r \u00e4gande Utnyttja Creative Commons och andra licenser som erbjuder upphovsr\u00e4ttsliga principer som [&hellip;]","og_url":"https:\/\/kiube.se\/zon3\/vision\/","og_site_name":"Design Greenhouse","article_modified_time":"2025-04-24T06:05:49+00:00","og_image":[{"url":"https:\/\/kiube.se\/zon3\/files\/2016\/08\/Screenshot-2016-07-24-at-08.57.44-300x169.png","type":"","width":"","height":""}],"twitter_card":"summary_large_image","twitter_misc":{"Ber\u00e4knad l\u00e4stid":"1 minut"},"schema":{"@context":"https:\/\/schema.org","@graph":[{"@type":"WebPage","@id":"https:\/\/kiube.se\/zon3\/vision\/","url":"https:\/\/kiube.se\/zon3\/vision\/","name":"Vision - Design Greenhouse","isPartOf":{"@id":"https:\/\/kiube.se\/zon3\/#website"},"primaryImageOfPage":{"@id":"https:\/\/kiube.se\/zon3\/vision\/#primaryimage"},"image":{"@id":"https:\/\/kiube.se\/zon3\/vision\/#primaryimage"},"thumbnailUrl":"https:\/\/kiube.se\/zon3\/files\/2016\/08\/Screenshot-2016-07-24-at-08.57.44-300x169.png","datePublished":"2016-08-02T11:30:37+00:00","dateModified":"2025-04-24T06:05:49+00:00","breadcrumb":{"@id":"https:\/\/kiube.se\/zon3\/vision\/#breadcrumb"},"inLanguage":"sv-SE","potentialAction":[{"@type":"ReadAction","target":["https:\/\/kiube.se\/zon3\/vision\/"]}]},{"@type":"ImageObject","inLanguage":"sv-SE","@id":"https:\/\/kiube.se\/zon3\/vision\/#primaryimage","url":"https:\/\/i0.wp.com\/s3.eu-north-1.amazonaws.com\/kiube.se\/wp-content\/uploads\/sites\/97\/2016\/08\/26181607\/Screenshot-2016-07-24-at-08.57.44.png?fit=1650%2C928&ssl=1","contentUrl":"https:\/\/i0.wp.com\/s3.eu-north-1.amazonaws.com\/kiube.se\/wp-content\/uploads\/sites\/97\/2016\/08\/26181607\/Screenshot-2016-07-24-at-08.57.44.png?fit=1650%2C928&ssl=1","width":1650,"height":928},{"@type":"BreadcrumbList","@id":"https:\/\/kiube.se\/zon3\/vision\/#breadcrumb","itemListElement":[{"@type":"ListItem","position":1,"name":"Hem","item":"https:\/\/kiube.se\/zon3\/"},{"@type":"ListItem","position":2,"name":"Vision"}]},{"@type":"WebSite","@id":"https:\/\/kiube.se\/zon3\/#website","url":"https:\/\/kiube.se\/zon3\/","name":"Design Greenhouse","description":"Design with a purpose","potentialAction":[{"@type":"SearchAction","target":{"@type":"EntryPoint","urlTemplate":"https:\/\/kiube.se\/zon3\/?s={search_term_string}"},"query-input":{"@type":"PropertyValueSpecification","valueRequired":true,"valueName":"search_term_string"}}],"inLanguage":"sv-SE"}]}},"jetpack_shortlink":"https:\/\/wp.me\/P7Nl5Z-2","jetpack_sharing_enabled":true,"_links":{"self":[{"href":"https:\/\/kiube.se\/zon3\/wp-json\/wp\/v2\/pages\/2","targetHints":{"allow":["GET"]}}],"collection":[{"href":"https:\/\/kiube.se\/zon3\/wp-json\/wp\/v2\/pages"}],"about":[{"href":"https:\/\/kiube.se\/zon3\/wp-json\/wp\/v2\/types\/page"}],"author":[{"embeddable":true,"href":"https:\/\/kiube.se\/zon3\/wp-json\/wp\/v2\/users\/131"}],"replies":[{"embeddable":true,"href":"https:\/\/kiube.se\/zon3\/wp-json\/wp\/v2\/comments?post=2"}],"version-history":[{"count":0,"href":"https:\/\/kiube.se\/zon3\/wp-json\/wp\/v2\/pages\/2\/revisions"}],"wp:attachment":[{"href":"https:\/\/kiube.se\/zon3\/wp-json\/wp\/v2\/media?parent=2"}],"curies":[{"name":"wp","href":"https:\/\/api.w.org\/{rel}","templated":true}]}}