{"id":875,"date":"2021-10-29T16:27:47","date_gmt":"2021-10-29T15:27:47","guid":{"rendered":"https:\/\/kiube.se\/x052\/?page_id=875"},"modified":"2021-10-29T16:27:47","modified_gmt":"2021-10-29T15:27:47","slug":"varmepump","status":"publish","type":"page","link":"https:\/\/kiube.se\/x052\/varmepump\/","title":{"rendered":"V\u00e4rmepump"},"content":{"rendered":"<figure id=\"attachment_876\" aria-describedby=\"caption-attachment-876\" style=\"width: 836px\" class=\"wp-caption alignnone\"><img data-recalc-dims=\"1\" loading=\"lazy\" decoding=\"async\" data-attachment-id=\"876\" data-permalink=\"https:\/\/kiube.se\/x052\/varmepump\/2021-10-29-05-26-20-pm\/#main\" data-orig-file=\"https:\/\/i0.wp.com\/s3.eu-north-1.amazonaws.com\/kiube.se\/wp-content\/uploads\/sites\/7\/2021\/10\/29162726\/2021-10-29-05.26.20-pm.png?fit=846%2C410&amp;ssl=1\" data-orig-size=\"846,410\" data-comments-opened=\"0\" data-image-meta=\"{&quot;aperture&quot;:&quot;0&quot;,&quot;credit&quot;:&quot;&quot;,&quot;camera&quot;:&quot;&quot;,&quot;caption&quot;:&quot;&quot;,&quot;created_timestamp&quot;:&quot;0&quot;,&quot;copyright&quot;:&quot;&quot;,&quot;focal_length&quot;:&quot;0&quot;,&quot;iso&quot;:&quot;0&quot;,&quot;shutter_speed&quot;:&quot;0&quot;,&quot;title&quot;:&quot;&quot;,&quot;orientation&quot;:&quot;0&quot;}\" data-image-title=\"2021-10-29 05.26.20 pm\" data-image-description=\"\" data-image-caption=\"\" data-large-file=\"https:\/\/i0.wp.com\/s3.eu-north-1.amazonaws.com\/kiube.se\/wp-content\/uploads\/sites\/7\/2021\/10\/29162726\/2021-10-29-05.26.20-pm.png?fit=846%2C410&amp;ssl=1\" class=\"wp-image-876 size-full\" src=\"https:\/\/i0.wp.com\/s3.eu-north-1.amazonaws.com\/kiube.se\/wp-content\/uploads\/sites\/7\/2021\/10\/29162726\/2021-10-29-05.26.20-pm.png?resize=846%2C410&#038;ssl=1\" alt=\"\" width=\"846\" height=\"410\" srcset=\"https:\/\/s3.eu-north-1.amazonaws.com\/kiube.se\/wp-content\/uploads\/sites\/7\/2021\/10\/29162726\/2021-10-29-05.26.20-pm.png 846w, https:\/\/s3.eu-north-1.amazonaws.com\/kiube.se\/wp-content\/uploads\/sites\/7\/2021\/10\/29162726\/2021-10-29-05.26.20-pm.png 300w, https:\/\/s3.eu-north-1.amazonaws.com\/kiube.se\/wp-content\/uploads\/sites\/7\/2021\/10\/29162726\/2021-10-29-05.26.20-pm.png 768w\" sizes=\"auto, (max-width: 846px) 100vw, 846px\" \/><figcaption id=\"caption-attachment-876\" class=\"wp-caption-text\">Figur 1. Principskiss \u00f6ver f\u00f6r\u00e5ngningsprocess (VVS- Huset 2014).<\/figcaption><\/figure>\n","protected":false},"excerpt":{"rendered":"","protected":false},"author":118,"featured_media":0,"parent":0,"menu_order":0,"comment_status":"closed","ping_status":"closed","template":"","meta":{"jetpack_post_was_ever_published":false,"footnotes":""},"class_list":["post-875","page","type-page","status-publish"],"yoast_head":"<!-- This site is optimized with the Yoast SEO plugin v27.5 - https:\/\/yoast.com\/product\/yoast-seo-wordpress\/ -->\n<title>V\u00e4rmepump - Husboken Bj\u00f6rkv\u00e4gen 3<\/title>\n<meta name=\"robots\" content=\"index, follow, max-snippet:-1, max-image-preview:large, max-video-preview:-1\" \/>\n<link rel=\"canonical\" href=\"http:\/\/kiube.se\/x052\/varmepump\/\" \/>\n<meta property=\"og:locale\" content=\"sv_SE\" \/>\n<meta property=\"og:type\" content=\"article\" \/>\n<meta property=\"og:title\" content=\"V\u00e4rmepump - Husboken Bj\u00f6rkv\u00e4gen 3\" \/>\n<meta property=\"og:url\" content=\"http:\/\/kiube.se\/x052\/varmepump\/\" \/>\n<meta property=\"og:site_name\" content=\"Husboken Bj\u00f6rkv\u00e4gen 3\" \/>\n<meta property=\"og:image\" content=\"https:\/\/kiube.se\/x052\/files\/2021\/10\/2021-10-29-05.26.20-pm.png\" \/>\n<meta name=\"twitter:card\" content=\"summary_large_image\" \/>\n<script type=\"application\/ld+json\" class=\"yoast-schema-graph\">{\"@context\":\"https:\\\/\\\/schema.org\",\"@graph\":[{\"@type\":\"WebPage\",\"@id\":\"http:\\\/\\\/kiube.se\\\/x052\\\/varmepump\\\/\",\"url\":\"http:\\\/\\\/kiube.se\\\/x052\\\/varmepump\\\/\",\"name\":\"V\u00e4rmepump - Husboken Bj\u00f6rkv\u00e4gen 3\",\"isPartOf\":{\"@id\":\"http:\\\/\\\/kiube.se\\\/x052\\\/#website\"},\"primaryImageOfPage\":{\"@id\":\"http:\\\/\\\/kiube.se\\\/x052\\\/varmepump\\\/#primaryimage\"},\"image\":{\"@id\":\"http:\\\/\\\/kiube.se\\\/x052\\\/varmepump\\\/#primaryimage\"},\"thumbnailUrl\":\"https:\\\/\\\/kiube.se\\\/x052\\\/files\\\/2021\\\/10\\\/2021-10-29-05.26.20-pm.png\",\"datePublished\":\"2021-10-29T15:27:47+00:00\",\"breadcrumb\":{\"@id\":\"http:\\\/\\\/kiube.se\\\/x052\\\/varmepump\\\/#breadcrumb\"},\"inLanguage\":\"sv-SE\",\"potentialAction\":[{\"@type\":\"ReadAction\",\"target\":[\"http:\\\/\\\/kiube.se\\\/x052\\\/varmepump\\\/\"]}]},{\"@type\":\"ImageObject\",\"inLanguage\":\"sv-SE\",\"@id\":\"http:\\\/\\\/kiube.se\\\/x052\\\/varmepump\\\/#primaryimage\",\"url\":\"https:\\\/\\\/kiube.se\\\/x052\\\/files\\\/2021\\\/10\\\/2021-10-29-05.26.20-pm.png\",\"contentUrl\":\"https:\\\/\\\/kiube.se\\\/x052\\\/files\\\/2021\\\/10\\\/2021-10-29-05.26.20-pm.png\"},{\"@type\":\"BreadcrumbList\",\"@id\":\"http:\\\/\\\/kiube.se\\\/x052\\\/varmepump\\\/#breadcrumb\",\"itemListElement\":[{\"@type\":\"ListItem\",\"position\":1,\"name\":\"Hem\",\"item\":\"http:\\\/\\\/kiube.se\\\/x052\\\/\"},{\"@type\":\"ListItem\",\"position\":2,\"name\":\"V\u00e4rmepump\"}]},{\"@type\":\"WebSite\",\"@id\":\"http:\\\/\\\/kiube.se\\\/x052\\\/#website\",\"url\":\"http:\\\/\\\/kiube.se\\\/x052\\\/\",\"name\":\"Husboken Bj\u00f6rkv\u00e4gen 3\",\"description\":\"Min support\",\"potentialAction\":[{\"@type\":\"SearchAction\",\"target\":{\"@type\":\"EntryPoint\",\"urlTemplate\":\"http:\\\/\\\/kiube.se\\\/x052\\\/?s={search_term_string}\"},\"query-input\":{\"@type\":\"PropertyValueSpecification\",\"valueRequired\":true,\"valueName\":\"search_term_string\"}}],\"inLanguage\":\"sv-SE\"}]}<\/script>\n<!-- \/ Yoast SEO plugin. -->","yoast_head_json":{"title":"V\u00e4rmepump - Husboken Bj\u00f6rkv\u00e4gen 3","robots":{"index":"index","follow":"follow","max-snippet":"max-snippet:-1","max-image-preview":"max-image-preview:large","max-video-preview":"max-video-preview:-1"},"canonical":"http:\/\/kiube.se\/x052\/varmepump\/","og_locale":"sv_SE","og_type":"article","og_title":"V\u00e4rmepump - Husboken Bj\u00f6rkv\u00e4gen 3","og_url":"http:\/\/kiube.se\/x052\/varmepump\/","og_site_name":"Husboken Bj\u00f6rkv\u00e4gen 3","og_image":[{"url":"https:\/\/kiube.se\/x052\/files\/2021\/10\/2021-10-29-05.26.20-pm.png","type":"","width":"","height":""}],"twitter_card":"summary_large_image","schema":{"@context":"https:\/\/schema.org","@graph":[{"@type":"WebPage","@id":"http:\/\/kiube.se\/x052\/varmepump\/","url":"http:\/\/kiube.se\/x052\/varmepump\/","name":"V\u00e4rmepump - Husboken Bj\u00f6rkv\u00e4gen 3","isPartOf":{"@id":"http:\/\/kiube.se\/x052\/#website"},"primaryImageOfPage":{"@id":"http:\/\/kiube.se\/x052\/varmepump\/#primaryimage"},"image":{"@id":"http:\/\/kiube.se\/x052\/varmepump\/#primaryimage"},"thumbnailUrl":"https:\/\/kiube.se\/x052\/files\/2021\/10\/2021-10-29-05.26.20-pm.png","datePublished":"2021-10-29T15:27:47+00:00","breadcrumb":{"@id":"http:\/\/kiube.se\/x052\/varmepump\/#breadcrumb"},"inLanguage":"sv-SE","potentialAction":[{"@type":"ReadAction","target":["http:\/\/kiube.se\/x052\/varmepump\/"]}]},{"@type":"ImageObject","inLanguage":"sv-SE","@id":"http:\/\/kiube.se\/x052\/varmepump\/#primaryimage","url":"https:\/\/kiube.se\/x052\/files\/2021\/10\/2021-10-29-05.26.20-pm.png","contentUrl":"https:\/\/kiube.se\/x052\/files\/2021\/10\/2021-10-29-05.26.20-pm.png"},{"@type":"BreadcrumbList","@id":"http:\/\/kiube.se\/x052\/varmepump\/#breadcrumb","itemListElement":[{"@type":"ListItem","position":1,"name":"Hem","item":"http:\/\/kiube.se\/x052\/"},{"@type":"ListItem","position":2,"name":"V\u00e4rmepump"}]},{"@type":"WebSite","@id":"http:\/\/kiube.se\/x052\/#website","url":"http:\/\/kiube.se\/x052\/","name":"Husboken Bj\u00f6rkv\u00e4gen 3","description":"Min support","potentialAction":[{"@type":"SearchAction","target":{"@type":"EntryPoint","urlTemplate":"http:\/\/kiube.se\/x052\/?s={search_term_string}"},"query-input":{"@type":"PropertyValueSpecification","valueRequired":true,"valueName":"search_term_string"}}],"inLanguage":"sv-SE"}]}},"jetpack_shortlink":"https:\/\/wp.me\/P1Gn8d-e7","jetpack-related-posts":[],"_links":{"self":[{"href":"https:\/\/kiube.se\/x052\/wp-json\/wp\/v2\/pages\/875","targetHints":{"allow":["GET"]}}],"collection":[{"href":"https:\/\/kiube.se\/x052\/wp-json\/wp\/v2\/pages"}],"about":[{"href":"https:\/\/kiube.se\/x052\/wp-json\/wp\/v2\/types\/page"}],"author":[{"embeddable":true,"href":"https:\/\/kiube.se\/x052\/wp-json\/wp\/v2\/users\/118"}],"replies":[{"embeddable":true,"href":"https:\/\/kiube.se\/x052\/wp-json\/wp\/v2\/comments?post=875"}],"version-history":[{"count":0,"href":"https:\/\/kiube.se\/x052\/wp-json\/wp\/v2\/pages\/875\/revisions"}],"wp:attachment":[{"href":"https:\/\/kiube.se\/x052\/wp-json\/wp\/v2\/media?parent=875"}],"curies":[{"name":"wp","href":"https:\/\/api.w.org\/{rel}","templated":true}]}}