{"id":2,"date":"2011-03-24T13:39:33","date_gmt":"2011-03-24T13:39:33","guid":{"rendered":"http:\/\/kiube.se\/x052\/?page_id=2"},"modified":"2011-05-28T15:51:30","modified_gmt":"2011-05-28T15:51:30","slug":"exempelsida","status":"publish","type":"page","link":"https:\/\/kiube.se\/x052\/exempelsida\/","title":{"rendered":"Installation"},"content":{"rendered":"<p>Detta \u00e4r en exempelsida. Den skiljer sig fr\u00e5n ett blogginl\u00e4gg eftersom den \u00e4r statiskt och kommer att finnas p\u00e5 samma plats hela tiden, den kommer troligen att visas i din sidnavigering (i de flesta teman). De flesta b\u00f6rjar med en Om-sida som introducerar dem f\u00f6r potentiella bes\u00f6kare. Den skulle t.ex kunna ha f\u00f6ljande inneh\u00e5ll:<\/p>\n<blockquote><p>Hej d\u00e4r! Jag \u00e4r cykelbud p\u00e5 dagen, blivande sk\u00e5despelare p\u00e5 natten och detta \u00e4r min blogg. Jag bor i \u00d6rebro, har en katt som heter Lurv och jag gillar Pina Coladas. (och att simma i G\u00f6ta kanal).<\/p><\/blockquote>\n<p>&#8230; eller n\u00e5got liknande detta:<\/p>\n<blockquote><p>Den officiella svenska portalen f\u00f6r WordPress, WP-Support Sverige grundades 2007 och tillhandah\u00e5ller svenska \u00f6vers\u00e4ttningar f\u00f6r WordPress, teman och till\u00e4gg. Beh\u00f6ver man hj\u00e4lp med att komma ig\u00e5ng eller st\u00f6ter p\u00e5 problem s\u00e5 \u00e4r WP-Support Sverige den perfekta platsen att f\u00e5 svensk support p\u00e5. Du hittar portalen p\u00e5 wp-support.se.<\/p><\/blockquote>\n<p>Som ny WordPress-anv\u00e4ndare b\u00f6r du g\u00e5 till <a href=\"http:\/\/kiube.se\/x052\/wp-admin\/\">din adminpanel<\/a> f\u00f6r att ta bort denna sida och sedan skapa nya sidor f\u00f6r ditt inneh\u00e5ll. Ha det s\u00e5 kul!<\/p>\n","protected":false},"excerpt":{"rendered":"<p>Detta \u00e4r en exempelsida. Den skiljer sig fr\u00e5n ett blogginl\u00e4gg eftersom den \u00e4r statiskt och kommer att finnas p\u00e5 samma plats hela tiden, den kommer troligen att visas i din sidnavigering (i de flesta teman). De flesta b\u00f6rjar med en Om-sida som introducerar dem f\u00f6r potentiella bes\u00f6kare. Den skulle t.ex kunna ha f\u00f6ljande inneh\u00e5ll: Hej &#8230; <a title=\"Installation\" class=\"read-more\" href=\"https:\/\/kiube.se\/x052\/exempelsida\/\" aria-label=\"L\u00e4s mer om Installation\">L\u00e4s mer<\/a><\/p>\n","protected":false},"author":1,"featured_media":0,"parent":0,"menu_order":0,"comment_status":"open","ping_status":"open","template":"","meta":{"jetpack_post_was_ever_published":false,"footnotes":""},"class_list":["post-2","page","type-page","status-publish"],"yoast_head":"<!-- This site is optimized with the Yoast SEO plugin v27.5 - https:\/\/yoast.com\/product\/yoast-seo-wordpress\/ -->\n<title>Installation - Husboken Bj\u00f6rkv\u00e4gen 3<\/title>\n<meta name=\"robots\" content=\"index, follow, max-snippet:-1, max-image-preview:large, max-video-preview:-1\" \/>\n<link rel=\"canonical\" href=\"https:\/\/kiube.se\/x052\/exempelsida\/\" \/>\n<meta property=\"og:locale\" content=\"sv_SE\" \/>\n<meta property=\"og:type\" content=\"article\" \/>\n<meta property=\"og:title\" content=\"Installation - Husboken Bj\u00f6rkv\u00e4gen 3\" \/>\n<meta property=\"og:description\" content=\"Detta \u00e4r en exempelsida. Den skiljer sig fr\u00e5n ett blogginl\u00e4gg eftersom den \u00e4r statiskt och kommer att finnas p\u00e5 samma plats hela tiden, den kommer troligen att visas i din sidnavigering (i de flesta teman). De flesta b\u00f6rjar med en Om-sida som introducerar dem f\u00f6r potentiella bes\u00f6kare. Den skulle t.ex kunna ha f\u00f6ljande inneh\u00e5ll: Hej ... L\u00e4s mer\" \/>\n<meta property=\"og:url\" content=\"https:\/\/kiube.se\/x052\/exempelsida\/\" \/>\n<meta property=\"og:site_name\" content=\"Husboken Bj\u00f6rkv\u00e4gen 3\" \/>\n<meta property=\"article:modified_time\" content=\"2011-05-28T15:51:30+00:00\" \/>\n<meta name=\"twitter:card\" content=\"summary_large_image\" \/>\n<meta name=\"twitter:label1\" content=\"Ber\u00e4knad l\u00e4stid\" \/>\n\t<meta name=\"twitter:data1\" content=\"1 minut\" \/>\n<script type=\"application\/ld+json\" class=\"yoast-schema-graph\">{\"@context\":\"https:\\\/\\\/schema.org\",\"@graph\":[{\"@type\":\"WebPage\",\"@id\":\"https:\\\/\\\/kiube.se\\\/x052\\\/exempelsida\\\/\",\"url\":\"https:\\\/\\\/kiube.se\\\/x052\\\/exempelsida\\\/\",\"name\":\"Installation - Husboken Bj\u00f6rkv\u00e4gen 3\",\"isPartOf\":{\"@id\":\"http:\\\/\\\/kiube.se\\\/x052\\\/#website\"},\"datePublished\":\"2011-03-24T13:39:33+00:00\",\"dateModified\":\"2011-05-28T15:51:30+00:00\",\"breadcrumb\":{\"@id\":\"https:\\\/\\\/kiube.se\\\/x052\\\/exempelsida\\\/#breadcrumb\"},\"inLanguage\":\"sv-SE\",\"potentialAction\":[{\"@type\":\"ReadAction\",\"target\":[\"https:\\\/\\\/kiube.se\\\/x052\\\/exempelsida\\\/\"]}]},{\"@type\":\"BreadcrumbList\",\"@id\":\"https:\\\/\\\/kiube.se\\\/x052\\\/exempelsida\\\/#breadcrumb\",\"itemListElement\":[{\"@type\":\"ListItem\",\"position\":1,\"name\":\"Hem\",\"item\":\"http:\\\/\\\/kiube.se\\\/x052\\\/\"},{\"@type\":\"ListItem\",\"position\":2,\"name\":\"Installation\"}]},{\"@type\":\"WebSite\",\"@id\":\"http:\\\/\\\/kiube.se\\\/x052\\\/#website\",\"url\":\"http:\\\/\\\/kiube.se\\\/x052\\\/\",\"name\":\"Husboken Bj\u00f6rkv\u00e4gen 3\",\"description\":\"Min support\",\"potentialAction\":[{\"@type\":\"SearchAction\",\"target\":{\"@type\":\"EntryPoint\",\"urlTemplate\":\"http:\\\/\\\/kiube.se\\\/x052\\\/?s={search_term_string}\"},\"query-input\":{\"@type\":\"PropertyValueSpecification\",\"valueRequired\":true,\"valueName\":\"search_term_string\"}}],\"inLanguage\":\"sv-SE\"}]}<\/script>\n<!-- \/ Yoast SEO plugin. -->","yoast_head_json":{"title":"Installation - Husboken Bj\u00f6rkv\u00e4gen 3","robots":{"index":"index","follow":"follow","max-snippet":"max-snippet:-1","max-image-preview":"max-image-preview:large","max-video-preview":"max-video-preview:-1"},"canonical":"https:\/\/kiube.se\/x052\/exempelsida\/","og_locale":"sv_SE","og_type":"article","og_title":"Installation - Husboken Bj\u00f6rkv\u00e4gen 3","og_description":"Detta \u00e4r en exempelsida. Den skiljer sig fr\u00e5n ett blogginl\u00e4gg eftersom den \u00e4r statiskt och kommer att finnas p\u00e5 samma plats hela tiden, den kommer troligen att visas i din sidnavigering (i de flesta teman). De flesta b\u00f6rjar med en Om-sida som introducerar dem f\u00f6r potentiella bes\u00f6kare. Den skulle t.ex kunna ha f\u00f6ljande inneh\u00e5ll: Hej ... L\u00e4s mer","og_url":"https:\/\/kiube.se\/x052\/exempelsida\/","og_site_name":"Husboken Bj\u00f6rkv\u00e4gen 3","article_modified_time":"2011-05-28T15:51:30+00:00","twitter_card":"summary_large_image","twitter_misc":{"Ber\u00e4knad l\u00e4stid":"1 minut"},"schema":{"@context":"https:\/\/schema.org","@graph":[{"@type":"WebPage","@id":"https:\/\/kiube.se\/x052\/exempelsida\/","url":"https:\/\/kiube.se\/x052\/exempelsida\/","name":"Installation - Husboken Bj\u00f6rkv\u00e4gen 3","isPartOf":{"@id":"http:\/\/kiube.se\/x052\/#website"},"datePublished":"2011-03-24T13:39:33+00:00","dateModified":"2011-05-28T15:51:30+00:00","breadcrumb":{"@id":"https:\/\/kiube.se\/x052\/exempelsida\/#breadcrumb"},"inLanguage":"sv-SE","potentialAction":[{"@type":"ReadAction","target":["https:\/\/kiube.se\/x052\/exempelsida\/"]}]},{"@type":"BreadcrumbList","@id":"https:\/\/kiube.se\/x052\/exempelsida\/#breadcrumb","itemListElement":[{"@type":"ListItem","position":1,"name":"Hem","item":"http:\/\/kiube.se\/x052\/"},{"@type":"ListItem","position":2,"name":"Installation"}]},{"@type":"WebSite","@id":"http:\/\/kiube.se\/x052\/#website","url":"http:\/\/kiube.se\/x052\/","name":"Husboken Bj\u00f6rkv\u00e4gen 3","description":"Min support","potentialAction":[{"@type":"SearchAction","target":{"@type":"EntryPoint","urlTemplate":"http:\/\/kiube.se\/x052\/?s={search_term_string}"},"query-input":{"@type":"PropertyValueSpecification","valueRequired":true,"valueName":"search_term_string"}}],"inLanguage":"sv-SE"}]}},"jetpack_shortlink":"https:\/\/wp.me\/P1Gn8d-2","jetpack-related-posts":[],"_links":{"self":[{"href":"https:\/\/kiube.se\/x052\/wp-json\/wp\/v2\/pages\/2","targetHints":{"allow":["GET"]}}],"collection":[{"href":"https:\/\/kiube.se\/x052\/wp-json\/wp\/v2\/pages"}],"about":[{"href":"https:\/\/kiube.se\/x052\/wp-json\/wp\/v2\/types\/page"}],"author":[{"embeddable":true,"href":"https:\/\/kiube.se\/x052\/wp-json\/wp\/v2\/users\/1"}],"replies":[{"embeddable":true,"href":"https:\/\/kiube.se\/x052\/wp-json\/wp\/v2\/comments?post=2"}],"version-history":[{"count":0,"href":"https:\/\/kiube.se\/x052\/wp-json\/wp\/v2\/pages\/2\/revisions"}],"wp:attachment":[{"href":"https:\/\/kiube.se\/x052\/wp-json\/wp\/v2\/media?parent=2"}],"curies":[{"name":"wp","href":"https:\/\/api.w.org\/{rel}","templated":true}]}}