{"id":1012,"date":"2022-12-23T17:19:52","date_gmt":"2022-12-23T15:19:52","guid":{"rendered":"https:\/\/kiube.se\/x052\/?page_id=1012"},"modified":"2022-12-23T17:19:52","modified_gmt":"2022-12-23T15:19:52","slug":"solceller-med-batteri-och-vatgaslager","status":"publish","type":"page","link":"https:\/\/kiube.se\/x052\/solceller-med-batteri-och-vatgaslager\/","title":{"rendered":"Solceller med batteri och v\u00e4tgaslager"},"content":{"rendered":"<p><a href=\"https:\/\/www.pv-magazine.com\/2022\/03\/29\/designs-for-solarstoragehydrogen-systems-in-buildings\/\"><img data-recalc-dims=\"1\" loading=\"lazy\" decoding=\"async\" data-attachment-id=\"1013\" data-permalink=\"https:\/\/kiube.se\/x052\/solceller-med-batteri-och-vatgaslager\/unbenannt-15\/#main\" data-orig-file=\"https:\/\/i0.wp.com\/s3.eu-north-1.amazonaws.com\/kiube.se\/wp-content\/uploads\/sites\/7\/2022\/12\/23171938\/Unbenannt-15.jpeg?fit=926%2C439&amp;ssl=1\" data-orig-size=\"926,439\" data-comments-opened=\"0\" data-image-meta=\"{&quot;aperture&quot;:&quot;0&quot;,&quot;credit&quot;:&quot;Emiliano Bellini&quot;,&quot;camera&quot;:&quot;&quot;,&quot;caption&quot;:&quot;&quot;,&quot;created_timestamp&quot;:&quot;1648471874&quot;,&quot;copyright&quot;:&quot;&quot;,&quot;focal_length&quot;:&quot;0&quot;,&quot;iso&quot;:&quot;0&quot;,&quot;shutter_speed&quot;:&quot;0&quot;,&quot;title&quot;:&quot;&quot;,&quot;orientation&quot;:&quot;0&quot;}\" data-image-title=\"Unbenannt-15\" data-image-description=\"\" data-image-caption=\"\" data-large-file=\"https:\/\/i0.wp.com\/s3.eu-north-1.amazonaws.com\/kiube.se\/wp-content\/uploads\/sites\/7\/2022\/12\/23171938\/Unbenannt-15.jpeg?fit=926%2C439&amp;ssl=1\" class=\"alignnone size-full wp-image-1013\" src=\"https:\/\/i0.wp.com\/s3.eu-north-1.amazonaws.com\/kiube.se\/wp-content\/uploads\/sites\/7\/2022\/12\/23171938\/Unbenannt-15.jpeg?resize=926%2C439&#038;ssl=1\" alt=\"\" width=\"926\" height=\"439\" srcset=\"https:\/\/s3.eu-north-1.amazonaws.com\/kiube.se\/wp-content\/uploads\/sites\/7\/2022\/12\/23171938\/Unbenannt-15.jpeg 926w, https:\/\/s3.eu-north-1.amazonaws.com\/kiube.se\/wp-content\/uploads\/sites\/7\/2022\/12\/23171938\/Unbenannt-15.jpeg 300w, https:\/\/s3.eu-north-1.amazonaws.com\/kiube.se\/wp-content\/uploads\/sites\/7\/2022\/12\/23171938\/Unbenannt-15.jpeg 768w\" sizes=\"auto, (max-width: 926px) 100vw, 926px\" \/><\/a><\/p>\n","protected":false},"excerpt":{"rendered":"","protected":false},"author":118,"featured_media":0,"parent":0,"menu_order":0,"comment_status":"closed","ping_status":"closed","template":"","meta":{"jetpack_post_was_ever_published":false,"footnotes":""},"class_list":["post-1012","page","type-page","status-publish"],"yoast_head":"<!-- This site is optimized with the Yoast SEO plugin v27.5 - https:\/\/yoast.com\/product\/yoast-seo-wordpress\/ -->\n<title>Solceller med batteri och v\u00e4tgaslager - Husboken Bj\u00f6rkv\u00e4gen 3<\/title>\n<meta name=\"robots\" content=\"index, follow, max-snippet:-1, max-image-preview:large, max-video-preview:-1\" \/>\n<link rel=\"canonical\" href=\"https:\/\/kiube.se\/x052\/solceller-med-batteri-och-vatgaslager\/\" \/>\n<meta property=\"og:locale\" content=\"sv_SE\" \/>\n<meta property=\"og:type\" content=\"article\" \/>\n<meta property=\"og:title\" content=\"Solceller med batteri och v\u00e4tgaslager - Husboken Bj\u00f6rkv\u00e4gen 3\" \/>\n<meta property=\"og:url\" content=\"https:\/\/kiube.se\/x052\/solceller-med-batteri-och-vatgaslager\/\" \/>\n<meta property=\"og:site_name\" content=\"Husboken Bj\u00f6rkv\u00e4gen 3\" \/>\n<meta property=\"og:image\" content=\"https:\/\/kiube.se\/x052\/files\/2022\/12\/Unbenannt-15.jpeg\" \/>\n<meta name=\"twitter:card\" content=\"summary_large_image\" \/>\n<script type=\"application\/ld+json\" class=\"yoast-schema-graph\">{\"@context\":\"https:\\\/\\\/schema.org\",\"@graph\":[{\"@type\":\"WebPage\",\"@id\":\"https:\\\/\\\/kiube.se\\\/x052\\\/solceller-med-batteri-och-vatgaslager\\\/\",\"url\":\"https:\\\/\\\/kiube.se\\\/x052\\\/solceller-med-batteri-och-vatgaslager\\\/\",\"name\":\"Solceller med batteri och v\u00e4tgaslager - Husboken Bj\u00f6rkv\u00e4gen 3\",\"isPartOf\":{\"@id\":\"http:\\\/\\\/kiube.se\\\/x052\\\/#website\"},\"primaryImageOfPage\":{\"@id\":\"https:\\\/\\\/kiube.se\\\/x052\\\/solceller-med-batteri-och-vatgaslager\\\/#primaryimage\"},\"image\":{\"@id\":\"https:\\\/\\\/kiube.se\\\/x052\\\/solceller-med-batteri-och-vatgaslager\\\/#primaryimage\"},\"thumbnailUrl\":\"https:\\\/\\\/kiube.se\\\/x052\\\/files\\\/2022\\\/12\\\/Unbenannt-15.jpeg\",\"datePublished\":\"2022-12-23T15:19:52+00:00\",\"breadcrumb\":{\"@id\":\"https:\\\/\\\/kiube.se\\\/x052\\\/solceller-med-batteri-och-vatgaslager\\\/#breadcrumb\"},\"inLanguage\":\"sv-SE\",\"potentialAction\":[{\"@type\":\"ReadAction\",\"target\":[\"https:\\\/\\\/kiube.se\\\/x052\\\/solceller-med-batteri-och-vatgaslager\\\/\"]}]},{\"@type\":\"ImageObject\",\"inLanguage\":\"sv-SE\",\"@id\":\"https:\\\/\\\/kiube.se\\\/x052\\\/solceller-med-batteri-och-vatgaslager\\\/#primaryimage\",\"url\":\"https:\\\/\\\/kiube.se\\\/x052\\\/files\\\/2022\\\/12\\\/Unbenannt-15.jpeg\",\"contentUrl\":\"https:\\\/\\\/kiube.se\\\/x052\\\/files\\\/2022\\\/12\\\/Unbenannt-15.jpeg\"},{\"@type\":\"BreadcrumbList\",\"@id\":\"https:\\\/\\\/kiube.se\\\/x052\\\/solceller-med-batteri-och-vatgaslager\\\/#breadcrumb\",\"itemListElement\":[{\"@type\":\"ListItem\",\"position\":1,\"name\":\"Hem\",\"item\":\"http:\\\/\\\/kiube.se\\\/x052\\\/\"},{\"@type\":\"ListItem\",\"position\":2,\"name\":\"Solceller med batteri och v\u00e4tgaslager\"}]},{\"@type\":\"WebSite\",\"@id\":\"http:\\\/\\\/kiube.se\\\/x052\\\/#website\",\"url\":\"http:\\\/\\\/kiube.se\\\/x052\\\/\",\"name\":\"Husboken Bj\u00f6rkv\u00e4gen 3\",\"description\":\"Min support\",\"potentialAction\":[{\"@type\":\"SearchAction\",\"target\":{\"@type\":\"EntryPoint\",\"urlTemplate\":\"http:\\\/\\\/kiube.se\\\/x052\\\/?s={search_term_string}\"},\"query-input\":{\"@type\":\"PropertyValueSpecification\",\"valueRequired\":true,\"valueName\":\"search_term_string\"}}],\"inLanguage\":\"sv-SE\"}]}<\/script>\n<!-- \/ Yoast SEO plugin. -->","yoast_head_json":{"title":"Solceller med batteri och v\u00e4tgaslager - Husboken Bj\u00f6rkv\u00e4gen 3","robots":{"index":"index","follow":"follow","max-snippet":"max-snippet:-1","max-image-preview":"max-image-preview:large","max-video-preview":"max-video-preview:-1"},"canonical":"https:\/\/kiube.se\/x052\/solceller-med-batteri-och-vatgaslager\/","og_locale":"sv_SE","og_type":"article","og_title":"Solceller med batteri och v\u00e4tgaslager - Husboken Bj\u00f6rkv\u00e4gen 3","og_url":"https:\/\/kiube.se\/x052\/solceller-med-batteri-och-vatgaslager\/","og_site_name":"Husboken Bj\u00f6rkv\u00e4gen 3","og_image":[{"url":"https:\/\/kiube.se\/x052\/files\/2022\/12\/Unbenannt-15.jpeg","type":"","width":"","height":""}],"twitter_card":"summary_large_image","schema":{"@context":"https:\/\/schema.org","@graph":[{"@type":"WebPage","@id":"https:\/\/kiube.se\/x052\/solceller-med-batteri-och-vatgaslager\/","url":"https:\/\/kiube.se\/x052\/solceller-med-batteri-och-vatgaslager\/","name":"Solceller med batteri och v\u00e4tgaslager - Husboken Bj\u00f6rkv\u00e4gen 3","isPartOf":{"@id":"http:\/\/kiube.se\/x052\/#website"},"primaryImageOfPage":{"@id":"https:\/\/kiube.se\/x052\/solceller-med-batteri-och-vatgaslager\/#primaryimage"},"image":{"@id":"https:\/\/kiube.se\/x052\/solceller-med-batteri-och-vatgaslager\/#primaryimage"},"thumbnailUrl":"https:\/\/kiube.se\/x052\/files\/2022\/12\/Unbenannt-15.jpeg","datePublished":"2022-12-23T15:19:52+00:00","breadcrumb":{"@id":"https:\/\/kiube.se\/x052\/solceller-med-batteri-och-vatgaslager\/#breadcrumb"},"inLanguage":"sv-SE","potentialAction":[{"@type":"ReadAction","target":["https:\/\/kiube.se\/x052\/solceller-med-batteri-och-vatgaslager\/"]}]},{"@type":"ImageObject","inLanguage":"sv-SE","@id":"https:\/\/kiube.se\/x052\/solceller-med-batteri-och-vatgaslager\/#primaryimage","url":"https:\/\/kiube.se\/x052\/files\/2022\/12\/Unbenannt-15.jpeg","contentUrl":"https:\/\/kiube.se\/x052\/files\/2022\/12\/Unbenannt-15.jpeg"},{"@type":"BreadcrumbList","@id":"https:\/\/kiube.se\/x052\/solceller-med-batteri-och-vatgaslager\/#breadcrumb","itemListElement":[{"@type":"ListItem","position":1,"name":"Hem","item":"http:\/\/kiube.se\/x052\/"},{"@type":"ListItem","position":2,"name":"Solceller med batteri och v\u00e4tgaslager"}]},{"@type":"WebSite","@id":"http:\/\/kiube.se\/x052\/#website","url":"http:\/\/kiube.se\/x052\/","name":"Husboken Bj\u00f6rkv\u00e4gen 3","description":"Min support","potentialAction":[{"@type":"SearchAction","target":{"@type":"EntryPoint","urlTemplate":"http:\/\/kiube.se\/x052\/?s={search_term_string}"},"query-input":{"@type":"PropertyValueSpecification","valueRequired":true,"valueName":"search_term_string"}}],"inLanguage":"sv-SE"}]}},"jetpack_shortlink":"https:\/\/wp.me\/P1Gn8d-gk","jetpack-related-posts":[],"_links":{"self":[{"href":"https:\/\/kiube.se\/x052\/wp-json\/wp\/v2\/pages\/1012","targetHints":{"allow":["GET"]}}],"collection":[{"href":"https:\/\/kiube.se\/x052\/wp-json\/wp\/v2\/pages"}],"about":[{"href":"https:\/\/kiube.se\/x052\/wp-json\/wp\/v2\/types\/page"}],"author":[{"embeddable":true,"href":"https:\/\/kiube.se\/x052\/wp-json\/wp\/v2\/users\/118"}],"replies":[{"embeddable":true,"href":"https:\/\/kiube.se\/x052\/wp-json\/wp\/v2\/comments?post=1012"}],"version-history":[{"count":0,"href":"https:\/\/kiube.se\/x052\/wp-json\/wp\/v2\/pages\/1012\/revisions"}],"wp:attachment":[{"href":"https:\/\/kiube.se\/x052\/wp-json\/wp\/v2\/media?parent=1012"}],"curies":[{"name":"wp","href":"https:\/\/api.w.org\/{rel}","templated":true}]}}