{"id":9655,"date":"2025-10-18T13:00:33","date_gmt":"2025-10-18T12:00:33","guid":{"rendered":"https:\/\/kiube.se\/projekt\/?page_id=9655"},"modified":"2025-10-18T13:00:33","modified_gmt":"2025-10-18T12:00:33","slug":"006-04-home-assistant","status":"publish","type":"page","link":"https:\/\/kiube.se\/projekt\/006-04-home-assistant","title":{"rendered":"#006 &#8211; 04 &#8211; Home Assistant"},"content":{"rendered":"<p>01 &#8211; <a href=\"http:\/\/192.168.1.37\/WordPress\/\">Bj\u00f6rkhimlen Lab (Guesthouse)<\/a><\/p>\n<p>02 &#8211; V\u00e4rping g\u00e5rd<\/p>\n<p>03 &#8211;<\/p>\n","protected":false},"excerpt":{"rendered":"<p>01 &#8211; Bj\u00f6rkhimlen Lab (Guesthouse) 02 &#8211; V\u00e4rping g\u00e5rd 03 &#8211;<\/p>\n","protected":false},"author":118,"featured_media":0,"parent":0,"menu_order":0,"comment_status":"closed","ping_status":"closed","template":"","meta":{"_monsterinsights_skip_tracking":false,"_monsterinsights_sitenote_active":false,"_monsterinsights_sitenote_note":"","_monsterinsights_sitenote_category":0,"jetpack_post_was_ever_published":false,"footnotes":""},"class_list":["post-9655","page","type-page","status-publish","hentry"],"aioseo_notices":[],"jetpack_shortlink":"https:\/\/wp.me\/P8EJTZ-2vJ","jetpack_sharing_enabled":true,"_links":{"self":[{"href":"https:\/\/kiube.se\/projekt\/wp-json\/wp\/v2\/pages\/9655","targetHints":{"allow":["GET"]}}],"collection":[{"href":"https:\/\/kiube.se\/projekt\/wp-json\/wp\/v2\/pages"}],"about":[{"href":"https:\/\/kiube.se\/projekt\/wp-json\/wp\/v2\/types\/page"}],"author":[{"embeddable":true,"href":"https:\/\/kiube.se\/projekt\/wp-json\/wp\/v2\/users\/118"}],"replies":[{"embeddable":true,"href":"https:\/\/kiube.se\/projekt\/wp-json\/wp\/v2\/comments?post=9655"}],"version-history":[{"count":1,"href":"https:\/\/kiube.se\/projekt\/wp-json\/wp\/v2\/pages\/9655\/revisions"}],"predecessor-version":[{"id":9656,"href":"https:\/\/kiube.se\/projekt\/wp-json\/wp\/v2\/pages\/9655\/revisions\/9656"}],"wp:attachment":[{"href":"https:\/\/kiube.se\/projekt\/wp-json\/wp\/v2\/media?parent=9655"}],"curies":[{"name":"wp","href":"https:\/\/api.w.org\/{rel}","templated":true}]}}