{"id":9496,"date":"2024-06-22T08:39:32","date_gmt":"2024-06-22T07:39:32","guid":{"rendered":"https:\/\/kiube.se\/projekt\/?page_id=9496"},"modified":"2024-06-22T09:19:59","modified_gmt":"2024-06-22T08:19:59","slug":"049-egendomar","status":"publish","type":"page","link":"https:\/\/kiube.se\/projekt\/049-egendomar","title":{"rendered":"#049 &#8211; Egendomar"},"content":{"rendered":"<pre><strong>Projektnummer:<\/strong>#049 - xx | H\u00e4r hanterar vi v\u00e5ra digitala egendomar och tillg\u00e5ngar<\/pre>\n<p>01 &#8211; jidoka.se [ Juridisk person ] | Redovisning | Ekonomisk \u00f6versikt |<br \/>\n02 &#8211; kiube.se [ Utvecklingsavdelningen ]| Projekt | Platser | Personer |<br \/>\n03 &#8211; yellotab.se [ Support ] | Tillg\u00e5ngar |<a href=\"https:\/\/yellotab.zendesk.com\/agent\/dashboard\"> \u00c4rendehantering<\/a> | IT support |<br \/>\n04 &#8211; solarxbike.se [ CRM ] | Cykelidentifikation | Hemsida |<br \/>\n05 &#8211; h\u00e4lsoboken.se [ CRM ] | Marknadsplats | Recept | Matklubben | Avkastning | Energigemenskap |<br \/>\n06 &#8211; cykelelektro.se [ Underh\u00e5ll ] | Verkstad |<br \/>\n07 &#8211; kommunarkivet.se [ Bildarkiv ] | Burl\u00f6v | Lomma |<\/p>\n<p>&nbsp;<\/p>\n<hr \/>\n<p><strong>K\u00e4lla:<\/strong> <a href=\"https:\/\/www.jidoka.se\/egendomar\/\">Jidoka.se\/egendomar<\/a><\/p>\n","protected":false},"excerpt":{"rendered":"<p>Projektnummer:#049 &#8211; xx | H\u00e4r hanterar vi v\u00e5ra digitala egendomar och tillg\u00e5ngar 01 &#8211; jidoka.se [ Juridisk person ] | Redovisning | Ekonomisk \u00f6versikt | 02 &#8211; kiube.se [ Utvecklingsavdelningen ]| Projekt | Platser | Personer | 03 &#8211; yellotab.se [ Support ] | Tillg\u00e5ngar | \u00c4rendehantering | IT support | 04 &#8211; solarxbike.se [ [&hellip;]<\/p>\n","protected":false},"author":118,"featured_media":0,"parent":0,"menu_order":0,"comment_status":"closed","ping_status":"closed","template":"","meta":{"_monsterinsights_skip_tracking":false,"_monsterinsights_sitenote_active":false,"_monsterinsights_sitenote_note":"","_monsterinsights_sitenote_category":0,"jetpack_post_was_ever_published":false,"footnotes":""},"class_list":["post-9496","page","type-page","status-publish","hentry"],"aioseo_notices":[],"jetpack_shortlink":"https:\/\/wp.me\/P8EJTZ-2ta","jetpack_sharing_enabled":true,"_links":{"self":[{"href":"https:\/\/kiube.se\/projekt\/wp-json\/wp\/v2\/pages\/9496","targetHints":{"allow":["GET"]}}],"collection":[{"href":"https:\/\/kiube.se\/projekt\/wp-json\/wp\/v2\/pages"}],"about":[{"href":"https:\/\/kiube.se\/projekt\/wp-json\/wp\/v2\/types\/page"}],"author":[{"embeddable":true,"href":"https:\/\/kiube.se\/projekt\/wp-json\/wp\/v2\/users\/118"}],"replies":[{"embeddable":true,"href":"https:\/\/kiube.se\/projekt\/wp-json\/wp\/v2\/comments?post=9496"}],"version-history":[{"count":0,"href":"https:\/\/kiube.se\/projekt\/wp-json\/wp\/v2\/pages\/9496\/revisions"}],"wp:attachment":[{"href":"https:\/\/kiube.se\/projekt\/wp-json\/wp\/v2\/media?parent=9496"}],"curies":[{"name":"wp","href":"https:\/\/api.w.org\/{rel}","templated":true}]}}