{"id":9005,"date":"2023-06-10T07:21:55","date_gmt":"2023-06-10T06:21:55","guid":{"rendered":"https:\/\/kiube.se\/projekt\/?page_id=9005"},"modified":"2023-06-10T12:01:29","modified_gmt":"2023-06-10T11:01:29","slug":"032-grona-tjanster","status":"publish","type":"page","link":"https:\/\/kiube.se\/projekt\/032-grona-tjanster","title":{"rendered":"#032 &#8211; Gr\u00f6na tj\u00e4nster"},"content":{"rendered":"<pre> Projektvy | Plogg |<\/pre>\n<hr \/>\n<h3>Gr\u00f6na tj\u00e4nster &#8211; Projekt<\/h3>\n<p>01 \u2013 Den gr\u00f6na tr\u00e4dg\u00e5rdsm\u00e4staren |\u00a0 <a href=\"https:\/\/kiube.se\/projekt\/tag\/032-01\">Ide<\/a> | <a href=\"https:\/\/docs.google.com\/presentation\/d\/1Pt4lYDe1OEBsBKJGHd3H1dcxC83ysZobvaKDFvnUBRQ\/edit#slide=id.g5f07f2c3ad_3_10\">Presentation<\/a>\u00a0|<\/p>\n<p>02 &#8211; Cykelutflykter | <a href=\"https:\/\/cykelutflykter.solarxbike.se\/\">Hemsida<\/a> |<\/p>\n<p>03 &#8211; Cykeluthyrning | <a href=\"https:\/\/cykeluthyrning.solarxbike.se\/\">Hemsida<\/a> |<\/p>\n<p>04 &#8211; Service produkt &#8211; Identifiering<\/p>\n<p>05 &#8211; Serviceprodukt &#8211; \u00c4rendehantering<\/p>\n<p>06 &#8211; Serviceprodukt &#8211;\u00a0 Digital support<\/p>\n<p>07 &#8211; Service produkt &#8211; Service avtal<\/p>\n<p>08 &#8211; Service produkt &#8211; F\u00f6rs\u00e4ljningskommision<\/p>\n<p>&nbsp;<\/p>\n","protected":false},"excerpt":{"rendered":"<p>Projektvy | Plogg | Gr\u00f6na tj\u00e4nster &#8211; Projekt 01 \u2013 Den gr\u00f6na tr\u00e4dg\u00e5rdsm\u00e4staren |\u00a0 Ide | Presentation\u00a0| 02 &#8211; Cykelutflykter | Hemsida | 03 &#8211; Cykeluthyrning | Hemsida | 04 &#8211; Service produkt &#8211; Identifiering 05 &#8211; Serviceprodukt &#8211; \u00c4rendehantering 06 &#8211; Serviceprodukt &#8211;\u00a0 Digital support 07 &#8211; Service produkt &#8211; Service avtal 08 &#8211; [&hellip;]<\/p>\n","protected":false},"author":118,"featured_media":0,"parent":0,"menu_order":0,"comment_status":"closed","ping_status":"closed","template":"page.php","meta":{"_monsterinsights_skip_tracking":false,"_monsterinsights_sitenote_active":false,"_monsterinsights_sitenote_note":"","_monsterinsights_sitenote_category":0,"jetpack_post_was_ever_published":false,"footnotes":""},"class_list":["post-9005","page","type-page","status-publish","hentry"],"aioseo_notices":[],"jetpack_shortlink":"https:\/\/wp.me\/P8EJTZ-2lf","jetpack_sharing_enabled":true,"_links":{"self":[{"href":"https:\/\/kiube.se\/projekt\/wp-json\/wp\/v2\/pages\/9005","targetHints":{"allow":["GET"]}}],"collection":[{"href":"https:\/\/kiube.se\/projekt\/wp-json\/wp\/v2\/pages"}],"about":[{"href":"https:\/\/kiube.se\/projekt\/wp-json\/wp\/v2\/types\/page"}],"author":[{"embeddable":true,"href":"https:\/\/kiube.se\/projekt\/wp-json\/wp\/v2\/users\/118"}],"replies":[{"embeddable":true,"href":"https:\/\/kiube.se\/projekt\/wp-json\/wp\/v2\/comments?post=9005"}],"version-history":[{"count":0,"href":"https:\/\/kiube.se\/projekt\/wp-json\/wp\/v2\/pages\/9005\/revisions"}],"wp:attachment":[{"href":"https:\/\/kiube.se\/projekt\/wp-json\/wp\/v2\/media?parent=9005"}],"curies":[{"name":"wp","href":"https:\/\/api.w.org\/{rel}","templated":true}]}}