{"id":8439,"date":"2022-11-09T12:17:57","date_gmt":"2022-11-09T11:17:57","guid":{"rendered":"https:\/\/kiube.se\/projekt\/?page_id=8439"},"modified":"2023-04-24T12:13:13","modified_gmt":"2023-04-24T11:13:13","slug":"projekt-0029-15-radda-kallby-natur","status":"publish","type":"page","link":"https:\/\/kiube.se\/projekt\/projekt-0029-15-radda-kallby-natur","title":{"rendered":"Projekt #0029-15  R\u00e4dda K\u00e4llby Natur"},"content":{"rendered":"<pre><strong>Projektvy<\/strong>: <a href=\"https:\/\/kiube.se\/projekt\/tag\/029-15\">Plogg<\/a> | <a href=\"https:\/\/kiube.se\/projekt\/intressentanalys-029-15-radda-kallby-natur\">Intressentanalys<\/a> | <a href=\"https:\/\/kiube.se\/projekt\/8565-2\">Polycentrisk styrning<\/a> | <a href=\"https:\/\/kiube.se\/labbstationer\/house\/kallby-natur\/\">Instrumentpanel<\/a> | <a href=\"https:\/\/drive.google.com\/drive\/u\/0\/folders\/15seOeTWNRbEMba8Saqkon5vlxObJiTiZ\">Dokumentarkiv<\/a> |<\/pre>\n<pre><strong>Kartor:<\/strong> <a href=\"https:\/\/restor.eco\/platform\/sites\/bb2634fd-54b5-4cd3-a706-5ecdb706e9b0\/\">Restor<\/a> | <a href=\"https:\/\/minkarta.lantmateriet.se\/\">Lantm\u00e4teriet<\/a> | <a href=\"https:\/\/skyddadnatur.naturvardsverket.se\/\">Naturv\u00e5rdsverket<\/a> |<\/pre>\n<p><strong>Liknande projekt:<\/strong> Nationalstadspark Djurg\u00e5rden | <a href=\"https:\/\/krapplagruppen.wordpress.com\/?fbclid=IwAR1QHDrMDUq3nPqFyPJycHbsJwcqt0ihXmZkxrUwWAJ-V4IAtXlWBaFB_VA\">R\u00e5gsveds Naturreservat<\/a> |<\/p>\n<hr \/>\n<h2><\/h2>\n<h2>Utvalda inl\u00e4gg<\/h2>\n<blockquote class=\"wp-embedded-content\" data-secret=\"wo2lKieHrF\"><p><a href=\"https:\/\/kiube.se\/projekt\/8677\">Nationalstadspark<\/a><\/p><\/blockquote>\n<p><iframe loading=\"lazy\" class=\"wp-embedded-content\" sandbox=\"allow-scripts\" security=\"restricted\" style=\"position: absolute; clip: rect(1px, 1px, 1px, 1px);\" title=\"\u201dNationalstadspark\u201d &ndash; x Projekt\" src=\"https:\/\/kiube.se\/projekt\/8677\/embed#?secret=hqg9h6Wgba#?secret=wo2lKieHrF\" data-secret=\"wo2lKieHrF\" width=\"500\" height=\"282\" frameborder=\"0\" marginwidth=\"0\" marginheight=\"0\" scrolling=\"no\"><\/iframe><\/p>\n<p>&nbsp;<\/p>\n<blockquote class=\"wp-embedded-content\" data-secret=\"0hp0BHSEgm\"><p><a href=\"https:\/\/kiube.se\/projekt\/8634\">Intressentanalys Friluftsliv &#8211; R\u00e4dda K\u00e4llby Natur<\/a><\/p><\/blockquote>\n<p><iframe loading=\"lazy\" class=\"wp-embedded-content\" sandbox=\"allow-scripts\" security=\"restricted\" style=\"position: absolute; clip: rect(1px, 1px, 1px, 1px);\" title=\"\u201dIntressentanalys Friluftsliv &#8211; R\u00e4dda K\u00e4llby Natur\u201d &ndash; x Projekt\" src=\"https:\/\/kiube.se\/projekt\/8634\/embed#?secret=D24GeR2FrW#?secret=0hp0BHSEgm\" data-secret=\"0hp0BHSEgm\" width=\"500\" height=\"282\" frameborder=\"0\" marginwidth=\"0\" marginheight=\"0\" scrolling=\"no\"><\/iframe><\/p>\n<blockquote class=\"wp-embedded-content\" data-secret=\"zqp6XTeV8o\"><p><a href=\"https:\/\/kiube.se\/projekt\/8589\">Att m\u00e4ta naturv\u00e4rden<\/a><\/p><\/blockquote>\n<p><iframe loading=\"lazy\" class=\"wp-embedded-content\" sandbox=\"allow-scripts\" security=\"restricted\" style=\"position: absolute; clip: rect(1px, 1px, 1px, 1px);\" title=\"\u201dAtt m\u00e4ta naturv\u00e4rden\u201d &ndash; x Projekt\" src=\"https:\/\/kiube.se\/projekt\/8589\/embed#?secret=BjqZ0M56wv#?secret=zqp6XTeV8o\" data-secret=\"zqp6XTeV8o\" width=\"500\" height=\"282\" frameborder=\"0\" marginwidth=\"0\" marginheight=\"0\" scrolling=\"no\"><\/iframe><\/p>\n<blockquote class=\"wp-embedded-content\" data-secret=\"iiAEggWk6Q\"><p><a href=\"https:\/\/kiube.se\/projekt\/8565-2\">Polycentrisk styrning av naturresurser<\/a><\/p><\/blockquote>\n<p><iframe loading=\"lazy\" class=\"wp-embedded-content\" sandbox=\"allow-scripts\" security=\"restricted\" style=\"position: absolute; clip: rect(1px, 1px, 1px, 1px);\" title=\"\u201dPolycentrisk styrning av naturresurser\u201d &ndash; x Projekt\" src=\"https:\/\/kiube.se\/projekt\/8565-2\/embed#?secret=i5YhmejLfR#?secret=iiAEggWk6Q\" data-secret=\"iiAEggWk6Q\" width=\"500\" height=\"282\" frameborder=\"0\" marginwidth=\"0\" marginheight=\"0\" scrolling=\"no\"><\/iframe><\/p>\n<blockquote class=\"wp-embedded-content\" data-secret=\"UkzXiLdsRx\"><p><a href=\"https:\/\/kiube.se\/projekt\/intressentanalys-029-15-radda-kallby-natur\">Intressentanalys #029-15 R\u00e4dda k\u00e4llby natur<\/a><\/p><\/blockquote>\n<p><iframe loading=\"lazy\" class=\"wp-embedded-content\" sandbox=\"allow-scripts\" security=\"restricted\" style=\"position: absolute; clip: rect(1px, 1px, 1px, 1px);\" title=\"\u201dIntressentanalys #029-15 R\u00e4dda k\u00e4llby natur\u201d &ndash; x Projekt\" src=\"https:\/\/kiube.se\/projekt\/intressentanalys-029-15-radda-kallby-natur\/embed#?secret=yjGcucSdpl#?secret=UkzXiLdsRx\" data-secret=\"UkzXiLdsRx\" width=\"500\" height=\"282\" frameborder=\"0\" marginwidth=\"0\" marginheight=\"0\" scrolling=\"no\"><\/iframe><\/p>\n<p>&nbsp;<\/p>\n<p>&nbsp;<\/p>\n<blockquote class=\"wp-embedded-content\" data-secret=\"1hSqnPkiPJ\"><p><a href=\"https:\/\/kiube.se\/projekt\/8409\">Projekt: Nationellt Center f\u00f6r Idrott och Folkh\u00e4lsa<\/a><\/p><\/blockquote>\n<p><iframe loading=\"lazy\" class=\"wp-embedded-content\" sandbox=\"allow-scripts\" security=\"restricted\" style=\"position: absolute; clip: rect(1px, 1px, 1px, 1px);\" title=\"\u201dProjekt: Nationellt Center f\u00f6r Idrott och Folkh\u00e4lsa\u201d &ndash; x Projekt\" src=\"https:\/\/kiube.se\/projekt\/8409\/embed#?secret=b0yF0rwBvV#?secret=1hSqnPkiPJ\" data-secret=\"1hSqnPkiPJ\" width=\"500\" height=\"282\" frameborder=\"0\" marginwidth=\"0\" marginheight=\"0\" scrolling=\"no\"><\/iframe><\/p>\n<blockquote class=\"wp-embedded-content\" data-secret=\"x8BlEXfDFI\"><p><a href=\"https:\/\/kiube.se\/projekt\/8406\">Dokumentarkiv K\u00e4llby Natur<\/a><\/p><\/blockquote>\n<p><iframe loading=\"lazy\" class=\"wp-embedded-content\" sandbox=\"allow-scripts\" security=\"restricted\" style=\"position: absolute; clip: rect(1px, 1px, 1px, 1px);\" title=\"\u201dDokumentarkiv K\u00e4llby Natur\u201d &ndash; x Projekt\" src=\"https:\/\/kiube.se\/projekt\/8406\/embed#?secret=dWiQyB2ewI#?secret=x8BlEXfDFI\" data-secret=\"x8BlEXfDFI\" width=\"500\" height=\"282\" frameborder=\"0\" marginwidth=\"0\" marginheight=\"0\" scrolling=\"no\"><\/iframe><\/p>\n<p>&nbsp;<\/p>\n<blockquote class=\"wp-embedded-content\" data-secret=\"kd2FSv4EyL\"><p><a href=\"https:\/\/kiube.se\/projekt\/8399\">Bevara k\u00e4llby Natur<\/a><\/p><\/blockquote>\n<p><iframe loading=\"lazy\" class=\"wp-embedded-content\" sandbox=\"allow-scripts\" security=\"restricted\" style=\"position: absolute; clip: rect(1px, 1px, 1px, 1px);\" title=\"\u201dBevara k\u00e4llby Natur\u201d &ndash; x Projekt\" src=\"https:\/\/kiube.se\/projekt\/8399\/embed#?secret=nOTQRyL2Jm#?secret=kd2FSv4EyL\" data-secret=\"kd2FSv4EyL\" width=\"500\" height=\"282\" frameborder=\"0\" marginwidth=\"0\" marginheight=\"0\" scrolling=\"no\"><\/iframe><\/p>\n<hr \/>\n<h2>Relaterade inl\u00e4gg<\/h2>\n","protected":false},"excerpt":{"rendered":"<p>Projektvy: Plogg | Intressentanalys | Polycentrisk styrning | Instrumentpanel | Dokumentarkiv | Kartor: Restor | Lantm\u00e4teriet | Naturv\u00e5rdsverket | Liknande projekt: Nationalstadspark Djurg\u00e5rden | R\u00e5gsveds Naturreservat | Utvalda inl\u00e4gg Nationalstadspark &nbsp; Intressentanalys Friluftsliv &#8211; R\u00e4dda K\u00e4llby Natur Att m\u00e4ta naturv\u00e4rden Polycentrisk styrning av naturresurser Intressentanalys #029-15 R\u00e4dda k\u00e4llby natur &nbsp; &nbsp; Projekt: Nationellt Center f\u00f6r [&hellip;]<\/p>\n","protected":false},"author":118,"featured_media":0,"parent":0,"menu_order":0,"comment_status":"closed","ping_status":"closed","template":"page.php","meta":{"_monsterinsights_skip_tracking":false,"_monsterinsights_sitenote_active":false,"_monsterinsights_sitenote_note":"","_monsterinsights_sitenote_category":0,"jetpack_post_was_ever_published":false,"footnotes":""},"class_list":["post-8439","page","type-page","status-publish","hentry"],"aioseo_notices":[],"jetpack_shortlink":"https:\/\/wp.me\/P8EJTZ-2c7","jetpack_sharing_enabled":true,"_links":{"self":[{"href":"https:\/\/kiube.se\/projekt\/wp-json\/wp\/v2\/pages\/8439","targetHints":{"allow":["GET"]}}],"collection":[{"href":"https:\/\/kiube.se\/projekt\/wp-json\/wp\/v2\/pages"}],"about":[{"href":"https:\/\/kiube.se\/projekt\/wp-json\/wp\/v2\/types\/page"}],"author":[{"embeddable":true,"href":"https:\/\/kiube.se\/projekt\/wp-json\/wp\/v2\/users\/118"}],"replies":[{"embeddable":true,"href":"https:\/\/kiube.se\/projekt\/wp-json\/wp\/v2\/comments?post=8439"}],"version-history":[{"count":0,"href":"https:\/\/kiube.se\/projekt\/wp-json\/wp\/v2\/pages\/8439\/revisions"}],"wp:attachment":[{"href":"https:\/\/kiube.se\/projekt\/wp-json\/wp\/v2\/media?parent=8439"}],"curies":[{"name":"wp","href":"https:\/\/api.w.org\/{rel}","templated":true}]}}