{"id":5882,"date":"2019-03-05T10:23:39","date_gmt":"2019-03-05T09:23:39","guid":{"rendered":"https:\/\/kiube.se\/projekt\/?page_id=5882"},"modified":"2023-08-28T10:56:26","modified_gmt":"2023-08-28T09:56:26","slug":"projektvy-027-klimatcykel","status":"publish","type":"page","link":"https:\/\/kiube.se\/projekt\/projektvy-027-klimatcykel","title":{"rendered":"Projektvy &#8211; #027 klimatcykel"},"content":{"rendered":"<pre>#027 \u2013 Klimatcykel| <a href=\"https:\/\/s3.eu-north-1.amazonaws.com\/kiube.se\/wp-content\/uploads\/sites\/72\/2019\/03\/26170812\/Projekt%C3%B6versikt-En-klimatcykel-Lars-Lindmark.pdf\">Projektid\u00e9<\/a> | <a href=\"https:\/\/kiube.se\/projekt\/5699\">Plan<\/a> |<a href=\"https:\/\/kiube.se\/projekt\/5708\">Policy<\/a> | <a href=\"https:\/\/kiube.se\/projekt\/category\/projekt\/027\">Plogg<\/a> | <a href=\"https:\/\/docs.google.com\/spreadsheets\/d\/1pY4so_BUeiexuZdOZoOSsJxxSVOeFbhjuxPOJjByM10\/edit?usp=sharing\">BoM<\/a> | <a href=\"https:\/\/drive.google.com\/drive\/u\/0\/folders\/1jJfJTGlfBfVQ3l1-SV6uUJuHuZ6zagA2\">Dokument<\/a> | Ritningar | <a href=\"https:\/\/cad.onshape.com\/documents\/d065d1173aaa21a01631f540\/w\/f9fa024cdee2be658408f545\/e\/13ca57849cd89e8df3d3d14d\">CAD 3D<\/a> | <a href=\"https:\/\/yellotab.se\/x061\/portfolio\/rigg1\/\">Rigg 1<\/a>| <a href=\"https:\/\/yellotab.se\/x053\/\">Resultat 2<\/a> |<\/pre>\n<hr \/>\n<h4>01 &#8211; Stenkrossen<\/h4>\n<p>02 &#8211; Cykelkultur f\u00f6rening<\/p>\n<p>03 &#8211; Milj\u00f6partiet Lomma | <a href=\"https:\/\/yellotab.zendesk.com\/agent\/tickets\/2862\/requester\/requested_tickets\" target=\"_blank\" rel=\"noopener\">\u00c4rendehantering<\/a> |<\/p>\n<p>04 &#8211;<\/p>\n<p>05 &#8211;<\/p>\n<hr \/>\n<h4><\/h4>\n<h4>Cykelr\u00e4tt 1<\/h4>\n<p>Cykelr\u00e4tt 2<\/p>\n<h4>388 &#8211; 01- Klimatcykel Std \u00a0| <a href=\"https:\/\/kiube.se\/i027\/\">Design<\/a> | <a href=\"https:\/\/docs.google.com\/spreadsheets\/d\/1vHO0Wg4mAkQ7nRqsMcA9Ul3nHy1hqBNUnQAxbhmYNH4\/edit#gid=0\">Engineering Data<\/a> | <a href=\"https:\/\/docs.google.com\/spreadsheets\/d\/1liR4emOVd-qdpDJr9IXTYODQR4BRC8nMO34ubonoxq4\/edit#gid=1690933413\">Ink\u00f6pslista<\/a> |<\/h4>\n<h4>388 &#8211; 02 &#8211; Klimatcykel Heavy Duty | Design |<\/h4>\n<p>393 -03 &#8211; Klimatcykel solarXcargo<\/p>\n<p>394 -04 &#8211; The Beast &gt;&gt; <a href=\"https:\/\/kiube.se\/projekt\/project-030-trafikverket\">Projekt #030 &#8211; Cykelkultur i LUND<\/a><\/p>\n<hr \/>\n<p><iframe style=\"width: 1024px; height: 800px;\" src=\"https:\/\/docs.google.com\/spreadsheets\/d\/e\/2PACX-1vSFopTmryRJSXRV4FOXiGMY1uP1_vhWuUpBk3CaF0Lds_tnTnvKhjvY-z6SbfbVNOrUEjZSC9g_CeSe\/pubhtml?widget=true&amp;headers=false\"><span data-mce-type=\"bookmark\" style=\"display: inline-block; width: 0px; overflow: hidden; line-height: 0;\" class=\"mce_SELRES_start\">\ufeff<\/span><span data-mce-type=\"bookmark\" style=\"display: inline-block; width: 0px; overflow: hidden; line-height: 0;\" class=\"mce_SELRES_start\">\ufeff<\/span><span data-mce-type=\"bookmark\" style=\"display: inline-block; width: 0px; overflow: hidden; line-height: 0;\" class=\"mce_SELRES_start\">\ufeff<\/span><\/iframe><\/p>\n<hr \/>\n<p>| <a href=\"https:\/\/docs.google.com\/spreadsheets\/d\/1liR4emOVd-qdpDJr9IXTYODQR4BRC8nMO34ubonoxq4\/edit#gid=1690933413\">Redigera<\/a> | <a href=\"https:\/\/docs.google.com\/spreadsheets\/d\/e\/2PACX-1vSFopTmryRJSXRV4FOXiGMY1uP1_vhWuUpBk3CaF0Lds_tnTnvKhjvY-z6SbfbVNOrUEjZSC9g_CeSe\/pubhtml\">Utskrift<\/a> |<\/p>\n<h4><\/h4>\n","protected":false},"excerpt":{"rendered":"<p>#027 \u2013 Klimatcykel| Projektid\u00e9 | Plan |Policy | Plogg | BoM | Dokument | Ritningar | CAD 3D | Rigg 1| Resultat 2 | 01 &#8211; Stenkrossen 02 &#8211; Cykelkultur f\u00f6rening 03 &#8211; Milj\u00f6partiet Lomma | \u00c4rendehantering | 04 &#8211; 05 &#8211; Cykelr\u00e4tt 1 Cykelr\u00e4tt 2 388 &#8211; 01- Klimatcykel Std \u00a0| Design | Engineering [&hellip;]<\/p>\n","protected":false},"author":131,"featured_media":0,"parent":0,"menu_order":0,"comment_status":"closed","ping_status":"closed","template":"page.php","meta":{"_monsterinsights_skip_tracking":false,"_monsterinsights_sitenote_active":false,"_monsterinsights_sitenote_note":"","_monsterinsights_sitenote_category":0,"jetpack_post_was_ever_published":false,"footnotes":""},"class_list":["post-5882","page","type-page","status-publish","hentry"],"aioseo_notices":[],"jetpack_shortlink":"https:\/\/wp.me\/P8EJTZ-1wS","jetpack_sharing_enabled":true,"_links":{"self":[{"href":"https:\/\/kiube.se\/projekt\/wp-json\/wp\/v2\/pages\/5882","targetHints":{"allow":["GET"]}}],"collection":[{"href":"https:\/\/kiube.se\/projekt\/wp-json\/wp\/v2\/pages"}],"about":[{"href":"https:\/\/kiube.se\/projekt\/wp-json\/wp\/v2\/types\/page"}],"author":[{"embeddable":true,"href":"https:\/\/kiube.se\/projekt\/wp-json\/wp\/v2\/users\/131"}],"replies":[{"embeddable":true,"href":"https:\/\/kiube.se\/projekt\/wp-json\/wp\/v2\/comments?post=5882"}],"version-history":[{"count":0,"href":"https:\/\/kiube.se\/projekt\/wp-json\/wp\/v2\/pages\/5882\/revisions"}],"wp:attachment":[{"href":"https:\/\/kiube.se\/projekt\/wp-json\/wp\/v2\/media?parent=5882"}],"curies":[{"name":"wp","href":"https:\/\/api.w.org\/{rel}","templated":true}]}}