{"id":229,"date":"2018-01-21T12:38:33","date_gmt":"2018-01-21T11:38:33","guid":{"rendered":"http:\/\/kiube.se\/fakta\/?page_id=229"},"modified":"2018-01-21T12:38:33","modified_gmt":"2018-01-21T11:38:33","slug":"benefits-with-biohybrids","status":"publish","type":"page","link":"https:\/\/kiube.se\/fakta\/benefits-with-biohybrids\/","title":{"rendered":"Benefits with BioHybrids"},"content":{"rendered":"<h3>Whats in it for me<\/h3>\n<h4 style=\"padding-left: 30px;\">Personal<\/h4>\n<ul>\n<li style=\"padding-left: 30px;\">Improve your health by just go to work on 2 wheels<\/li>\n<li style=\"padding-left: 30px;\">More power going uphill<\/li>\n<li style=\"padding-left: 30px;\">Reduce the problem with windy days<\/li>\n<li style=\"padding-left: 30px;\">Reduce cost for transport<\/li>\n<\/ul>\n<h4 style=\"padding-left: 30px;\">Economic<\/h4>\n<ul>\n<li>3% increased share of cycling can eventually lead to\u00a0<strong>a profit of 1.8 billion sek<\/strong>\u00a0as a result of improved public health.<\/li>\n<li>The Society saves (20 SEK \/ trip) due to increased public health<\/li>\n<li>Reduced health due to noise Sk\u00e5ne 0.7-1.3 billion<\/li>\n<\/ul>\n<p><strong>Environment<\/strong><\/p>\n<ul>\n<li>Reduce Co2\u00a0<strong>(2 kg Co2 per 10 km)<\/strong><\/li>\n<li>Attractive living environment through reduced noise<\/li>\n<\/ul>\n<p style=\"text-align: right;\"><strong>Source<\/strong>:\u00a0<a href=\"https:\/\/utveckling.skane.se\/publikationer\/strategier-och-planer\/cykelstrategi-for-skane\/\">Cykelstrategi f\u00f6r sk\u00e5ne\u00a0<\/a><\/p>\n<div class=\"page\" title=\"Page 13\">\n<div class=\"section\">\n<div class=\"layoutArea\">\n<div class=\"column\">\n<p><a href=\"https:\/\/utveckling.skane.se\/siteassets\/publikationer_dokument\/cykelstrategi_low.pdf\">Referens sid 13<\/a><\/p>\n<p>Uppn\u00e5s f\u00e4rdmedelsm\u00e5let f\u00f6r cykel skulle det inneb\u00e4ra en folkh\u00e4lsovinst motsvarande 1,8 miljarder kronor om \u00e5ret i Sk\u00e5ne i j\u00e4mf\u00f6relse med om tra ken utvecklas som det \u00e4r prognostiserat.<\/p>\n<\/div>\n<\/div>\n<\/div>\n<\/div>\n","protected":false},"excerpt":{"rendered":"<p>Whats in it for me Personal Improve your health by just go to work on 2 wheels More power going uphill Reduce the problem with windy days Reduce cost for transport Economic 3% increased share of cycling can eventually lead to\u00a0a profit of 1.8 billion sek\u00a0as a result of improved public health. The Society saves [&hellip;]<\/p>\n","protected":false},"author":131,"featured_media":0,"parent":0,"menu_order":0,"comment_status":"closed","ping_status":"closed","template":"page.php","meta":{"footnotes":""},"class_list":["post-229","page","type-page","status-publish","hentry"],"yoast_head":"<!-- This site is optimized with the Yoast SEO plugin v27.4 - https:\/\/yoast.com\/product\/yoast-seo-wordpress\/ -->\n<title>Benefits with BioHybrids - Impakt<\/title>\n<meta name=\"robots\" content=\"index, follow, max-snippet:-1, max-image-preview:large, max-video-preview:-1\" \/>\n<link rel=\"canonical\" href=\"https:\/\/kiube.se\/fakta\/benefits-with-biohybrids\/\" \/>\n<meta property=\"og:locale\" content=\"sv_SE\" \/>\n<meta property=\"og:type\" content=\"article\" \/>\n<meta property=\"og:title\" content=\"Benefits with BioHybrids - Impakt\" \/>\n<meta property=\"og:description\" content=\"Whats in it for me Personal Improve your health by just go to work on 2 wheels More power going uphill Reduce the problem with windy days Reduce cost for transport Economic 3% increased share of cycling can eventually lead to\u00a0a profit of 1.8 billion sek\u00a0as a result of improved public health. The Society saves [&hellip;]\" \/>\n<meta property=\"og:url\" content=\"https:\/\/kiube.se\/fakta\/benefits-with-biohybrids\/\" \/>\n<meta property=\"og:site_name\" content=\"Impakt\" \/>\n<meta name=\"twitter:card\" content=\"summary_large_image\" \/>\n<meta name=\"twitter:label1\" content=\"Ber\u00e4knad l\u00e4stid\" \/>\n\t<meta name=\"twitter:data1\" content=\"1 minut\" \/>\n<script type=\"application\/ld+json\" class=\"yoast-schema-graph\">{\"@context\":\"https:\\\/\\\/schema.org\",\"@graph\":[{\"@type\":\"WebPage\",\"@id\":\"https:\\\/\\\/kiube.se\\\/fakta\\\/benefits-with-biohybrids\\\/\",\"url\":\"https:\\\/\\\/kiube.se\\\/fakta\\\/benefits-with-biohybrids\\\/\",\"name\":\"Benefits with BioHybrids - Impakt\",\"isPartOf\":{\"@id\":\"https:\\\/\\\/kiube.se\\\/fakta\\\/#website\"},\"datePublished\":\"2018-01-21T11:38:33+00:00\",\"breadcrumb\":{\"@id\":\"https:\\\/\\\/kiube.se\\\/fakta\\\/benefits-with-biohybrids\\\/#breadcrumb\"},\"inLanguage\":\"sv-SE\",\"potentialAction\":[{\"@type\":\"ReadAction\",\"target\":[\"https:\\\/\\\/kiube.se\\\/fakta\\\/benefits-with-biohybrids\\\/\"]}]},{\"@type\":\"BreadcrumbList\",\"@id\":\"https:\\\/\\\/kiube.se\\\/fakta\\\/benefits-with-biohybrids\\\/#breadcrumb\",\"itemListElement\":[{\"@type\":\"ListItem\",\"position\":1,\"name\":\"Hem\",\"item\":\"https:\\\/\\\/kiube.se\\\/fakta\\\/\"},{\"@type\":\"ListItem\",\"position\":2,\"name\":\"Benefits with BioHybrids\"}]},{\"@type\":\"WebSite\",\"@id\":\"https:\\\/\\\/kiube.se\\\/fakta\\\/#website\",\"url\":\"https:\\\/\\\/kiube.se\\\/fakta\\\/\",\"name\":\"Impakt\",\"description\":\"Statistik och fakta som st\u00f6d f\u00f6r visualisering och diagram\",\"potentialAction\":[{\"@type\":\"SearchAction\",\"target\":{\"@type\":\"EntryPoint\",\"urlTemplate\":\"https:\\\/\\\/kiube.se\\\/fakta\\\/?s={search_term_string}\"},\"query-input\":{\"@type\":\"PropertyValueSpecification\",\"valueRequired\":true,\"valueName\":\"search_term_string\"}}],\"inLanguage\":\"sv-SE\"}]}<\/script>\n<!-- \/ Yoast SEO plugin. -->","yoast_head_json":{"title":"Benefits with BioHybrids - Impakt","robots":{"index":"index","follow":"follow","max-snippet":"max-snippet:-1","max-image-preview":"max-image-preview:large","max-video-preview":"max-video-preview:-1"},"canonical":"https:\/\/kiube.se\/fakta\/benefits-with-biohybrids\/","og_locale":"sv_SE","og_type":"article","og_title":"Benefits with BioHybrids - Impakt","og_description":"Whats in it for me Personal Improve your health by just go to work on 2 wheels More power going uphill Reduce the problem with windy days Reduce cost for transport Economic 3% increased share of cycling can eventually lead to\u00a0a profit of 1.8 billion sek\u00a0as a result of improved public health. The Society saves [&hellip;]","og_url":"https:\/\/kiube.se\/fakta\/benefits-with-biohybrids\/","og_site_name":"Impakt","twitter_card":"summary_large_image","twitter_misc":{"Ber\u00e4knad l\u00e4stid":"1 minut"},"schema":{"@context":"https:\/\/schema.org","@graph":[{"@type":"WebPage","@id":"https:\/\/kiube.se\/fakta\/benefits-with-biohybrids\/","url":"https:\/\/kiube.se\/fakta\/benefits-with-biohybrids\/","name":"Benefits with BioHybrids - Impakt","isPartOf":{"@id":"https:\/\/kiube.se\/fakta\/#website"},"datePublished":"2018-01-21T11:38:33+00:00","breadcrumb":{"@id":"https:\/\/kiube.se\/fakta\/benefits-with-biohybrids\/#breadcrumb"},"inLanguage":"sv-SE","potentialAction":[{"@type":"ReadAction","target":["https:\/\/kiube.se\/fakta\/benefits-with-biohybrids\/"]}]},{"@type":"BreadcrumbList","@id":"https:\/\/kiube.se\/fakta\/benefits-with-biohybrids\/#breadcrumb","itemListElement":[{"@type":"ListItem","position":1,"name":"Hem","item":"https:\/\/kiube.se\/fakta\/"},{"@type":"ListItem","position":2,"name":"Benefits with BioHybrids"}]},{"@type":"WebSite","@id":"https:\/\/kiube.se\/fakta\/#website","url":"https:\/\/kiube.se\/fakta\/","name":"Impakt","description":"Statistik och fakta som st\u00f6d f\u00f6r visualisering och diagram","potentialAction":[{"@type":"SearchAction","target":{"@type":"EntryPoint","urlTemplate":"https:\/\/kiube.se\/fakta\/?s={search_term_string}"},"query-input":{"@type":"PropertyValueSpecification","valueRequired":true,"valueName":"search_term_string"}}],"inLanguage":"sv-SE"}]}},"jetpack_sharing_enabled":true,"_links":{"self":[{"href":"https:\/\/kiube.se\/fakta\/wp-json\/wp\/v2\/pages\/229","targetHints":{"allow":["GET"]}}],"collection":[{"href":"https:\/\/kiube.se\/fakta\/wp-json\/wp\/v2\/pages"}],"about":[{"href":"https:\/\/kiube.se\/fakta\/wp-json\/wp\/v2\/types\/page"}],"author":[{"embeddable":true,"href":"https:\/\/kiube.se\/fakta\/wp-json\/wp\/v2\/users\/131"}],"replies":[{"embeddable":true,"href":"https:\/\/kiube.se\/fakta\/wp-json\/wp\/v2\/comments?post=229"}],"version-history":[{"count":0,"href":"https:\/\/kiube.se\/fakta\/wp-json\/wp\/v2\/pages\/229\/revisions"}],"wp:attachment":[{"href":"https:\/\/kiube.se\/fakta\/wp-json\/wp\/v2\/media?parent=229"}],"curies":[{"name":"wp","href":"https:\/\/api.w.org\/{rel}","templated":true}]}}