{"id":215,"date":"2018-08-17T07:44:27","date_gmt":"2018-08-17T06:44:27","guid":{"rendered":"http:\/\/kiube.se\/innovation\/?page_id=215"},"modified":"2022-12-12T18:35:30","modified_gmt":"2022-12-12T17:35:30","slug":"esop","status":"publish","type":"page","link":"http:\/\/kiube.se\/innovation\/?page_id=215","title":{"rendered":"Styrning av f\u00f6retag utan \u00e4gare"},"content":{"rendered":"<ul>\n<li>Syftes organisationer (<a href=\"https:\/\/purpose-economy.org\/en\/\">Purpose-Economy)<\/a><\/li>\n<li>Common Resource Pool (CRP)<\/li>\n<li>ESOP<\/li>\n<li>Trust<\/li>\n<\/ul>\n<ol>\n<li>icke l\u00e5nefinansierad<\/li>\n<li>L\u00e5nefinansierad<\/li>\n<li>Kommunalt finansierade &#8211; skolor<\/li>\n<\/ol>\n<div class=\"page\" title=\"Page 32\">\n<div class=\"layoutArea\">\n<div class=\"column\">\n<p>Det finns i huvudsak tv\u00e5 typer av ESOP-program. Det ena \u00e4r icke l\u00e5nefinansierad och bygger p\u00e5 att f\u00f6retaget, ungef\u00e4r som i Handelsbanken, kontinuerligt avs\u00e4tter pengar eller aktier till en personalstiftelse. Den andra typen, vilken \u00e4r mest intressant f\u00f6r denna rapports \u00e4ndam\u00e5l, \u00e4r ett l\u00e5nefinansierat ESOP- program. De utg\u00f6r ungef\u00e4r tre fj\u00e4rdedelar av alla ESOP-transaktioner.110 Det vanligaste tillv\u00e4gag\u00e5ngss\u00e4ttet f\u00f6r en l\u00e5nefinansierad ESOP f\u00f6rklaras i f\u00f6renklad form av figuren nedan.<\/p>\n<\/div>\n<\/div>\n<\/div>\n<div class=\"tiled-gallery type-rectangular tiled-gallery-unresized\" data-original-width=\"500\" data-carousel-extra='null' itemscope itemtype=\"http:\/\/schema.org\/ImageGallery\" > <div class=\"gallery-row\" style=\"width: 500px; height: 192px;\" data-original-width=\"500\" data-original-height=\"192\" > <div class=\"gallery-group images-1\" style=\"width: 307px; height: 192px;\" data-original-width=\"307\" data-original-height=\"192\" > <div class=\"tiled-gallery-item tiled-gallery-item-large\" itemprop=\"associatedMedia\" itemscope itemtype=\"http:\/\/schema.org\/ImageObject\"> <a href=\"https:\/\/i0.wp.com\/s3.eu-north-1.amazonaws.com\/kiube.se\/wp-content\/uploads\/sites\/33\/2018\/08\/26170029\/2018-08-17-11.38.38-am.png\" border=\"0\" itemprop=\"url\"> <meta itemprop=\"width\" content=\"303\"> <meta itemprop=\"height\" content=\"188\"> <img decoding=\"async\" class=\"\" data-attachment-id=\"257\" data-orig-file=\"http:\/\/s3.eu-north-1.amazonaws.com\/kiube.se\/wp-content\/uploads\/sites\/33\/2018\/08\/26170029\/2018-08-17-11.38.38-am.png\" data-orig-size=\"504,313\" data-comments-opened=\"\" data-image-meta=\"{&quot;aperture&quot;:&quot;0&quot;,&quot;credit&quot;:&quot;&quot;,&quot;camera&quot;:&quot;&quot;,&quot;caption&quot;:&quot;&quot;,&quot;created_timestamp&quot;:&quot;0&quot;,&quot;copyright&quot;:&quot;&quot;,&quot;focal_length&quot;:&quot;0&quot;,&quot;iso&quot;:&quot;0&quot;,&quot;shutter_speed&quot;:&quot;0&quot;,&quot;title&quot;:&quot;&quot;,&quot;orientation&quot;:&quot;0&quot;}\" data-image-title=\"2018-08-17 11.38.38 am\" data-image-description=\"\" data-medium-file=\"https:\/\/i0.wp.com\/s3.eu-north-1.amazonaws.com\/kiube.se\/wp-content\/uploads\/sites\/33\/2018\/08\/26170029\/2018-08-17-11.38.38-am.png?fit=300%2C186\" data-large-file=\"https:\/\/i0.wp.com\/s3.eu-north-1.amazonaws.com\/kiube.se\/wp-content\/uploads\/sites\/33\/2018\/08\/26170029\/2018-08-17-11.38.38-am.png?fit=504%2C313\" src=\"https:\/\/i0.wp.com\/s3.eu-north-1.amazonaws.com\/kiube.se\/wp-content\/uploads\/sites\/33\/2018\/08\/26170029\/2018-08-17-11.38.38-am.png?w=303&#038;h=188\" srcset=\"http:\/\/s3.eu-north-1.amazonaws.com\/kiube.se\/wp-content\/uploads\/sites\/33\/2018\/08\/26170029\/2018-08-17-11.38.38-am.png 504w, http:\/\/s3.eu-north-1.amazonaws.com\/kiube.se\/wp-content\/uploads\/sites\/33\/2018\/08\/26170029\/2018-08-17-11.38.38-am.png 300w\" width=\"303\" height=\"188\" loading=\"lazy\" data-original-width=\"303\" data-original-height=\"188\" itemprop=\"http:\/\/schema.org\/image\" title=\"2018-08-17 11.38.38 am\" alt=\"2018-08-17 11.38.38 am\" style=\"width: 303px; height: 188px;\" \/> <\/a> <\/div> <\/div> <!-- close group --> <div class=\"gallery-group images-1\" style=\"width: 193px; height: 192px;\" data-original-width=\"193\" data-original-height=\"192\" > <div class=\"tiled-gallery-item tiled-gallery-item-small\" itemprop=\"associatedMedia\" itemscope itemtype=\"http:\/\/schema.org\/ImageObject\"> <a href=\"https:\/\/i0.wp.com\/s3.eu-north-1.amazonaws.com\/kiube.se\/wp-content\/uploads\/sites\/33\/2018\/08\/26170029\/2018-08-17-11.37.51-am.png\" border=\"0\" itemprop=\"url\"> <meta itemprop=\"width\" content=\"189\"> <meta itemprop=\"height\" content=\"188\"> <img decoding=\"async\" class=\"\" data-attachment-id=\"258\" data-orig-file=\"http:\/\/s3.eu-north-1.amazonaws.com\/kiube.se\/wp-content\/uploads\/sites\/33\/2018\/08\/26170029\/2018-08-17-11.37.51-am.png\" data-orig-size=\"572,570\" data-comments-opened=\"\" data-image-meta=\"{&quot;aperture&quot;:&quot;0&quot;,&quot;credit&quot;:&quot;&quot;,&quot;camera&quot;:&quot;&quot;,&quot;caption&quot;:&quot;&quot;,&quot;created_timestamp&quot;:&quot;0&quot;,&quot;copyright&quot;:&quot;&quot;,&quot;focal_length&quot;:&quot;0&quot;,&quot;iso&quot;:&quot;0&quot;,&quot;shutter_speed&quot;:&quot;0&quot;,&quot;title&quot;:&quot;&quot;,&quot;orientation&quot;:&quot;0&quot;}\" data-image-title=\"2018-08-17 11.37.51 am\" data-image-description=\"\" data-medium-file=\"https:\/\/i0.wp.com\/s3.eu-north-1.amazonaws.com\/kiube.se\/wp-content\/uploads\/sites\/33\/2018\/08\/26170029\/2018-08-17-11.37.51-am.png?fit=300%2C300\" data-large-file=\"https:\/\/i0.wp.com\/s3.eu-north-1.amazonaws.com\/kiube.se\/wp-content\/uploads\/sites\/33\/2018\/08\/26170029\/2018-08-17-11.37.51-am.png?fit=572%2C570\" src=\"https:\/\/i0.wp.com\/s3.eu-north-1.amazonaws.com\/kiube.se\/wp-content\/uploads\/sites\/33\/2018\/08\/26170029\/2018-08-17-11.37.51-am.png?w=189&#038;h=188\" srcset=\"http:\/\/s3.eu-north-1.amazonaws.com\/kiube.se\/wp-content\/uploads\/sites\/33\/2018\/08\/26170029\/2018-08-17-11.37.51-am.png 572w, http:\/\/s3.eu-north-1.amazonaws.com\/kiube.se\/wp-content\/uploads\/sites\/33\/2018\/08\/26170029\/2018-08-17-11.37.51-am.png 150w, http:\/\/s3.eu-north-1.amazonaws.com\/kiube.se\/wp-content\/uploads\/sites\/33\/2018\/08\/26170029\/2018-08-17-11.37.51-am.png 300w\" width=\"189\" height=\"188\" loading=\"lazy\" data-original-width=\"189\" data-original-height=\"188\" itemprop=\"http:\/\/schema.org\/image\" title=\"2018-08-17 11.37.51 am\" alt=\"2018-08-17 11.37.51 am\" style=\"width: 189px; height: 188px;\" \/> <\/a> <\/div> <\/div> <!-- close group --> <\/div> <!-- close row --> <\/div>\n<div class=\"page\" title=\"Page 32\">\n<div class=\"layoutArea\">\n<div class=\"column\">\n<p>F\u00f6retaget bildar en personalstiftelse, en s\u00e5 kallad ESOP-stiftelse, vilken tar ett f\u00f6rv\u00e4rvsl\u00e5n fr\u00e5n banken.111 F\u00f6rv\u00e4rvsl\u00e5net anv\u00e4nds f\u00f6r att k\u00f6pa aktier av den gamla \u00e4garen. L\u00e5net \u00e5terbetalas genom att f\u00f6retaget \u00e5rligen avs\u00e4tter en viss summa pengar till stiftelsen.<\/p>\n<\/div>\n<\/div>\n<\/div>\n<hr \/>\n<p>&nbsp;<\/p>\n<p><strong>Plattforms kooperativ<\/strong><br \/>\n&#8211; \u00a0<a href=\"https:\/\/coompanion.se\/plattformskooperativ\">Coompanion &#8211; Plattformskooperativ<\/a><\/p>\n<p><strong>TransfertoCOOPS<\/strong><\/p>\n<p class=\"text-center\"><i> Innovativa aff\u00e4rsmodeller f\u00f6r personal\u00f6vertagande av f\u00f6retag<\/i><\/p>\n<p><a href=\"https:\/\/coompanion.se\">Coompanion<\/a> nationell partner<br \/>\n&#8212; V\u00e4rmlandskooperativet utvecklingsansvarig<br \/>\n&#8212; Plattformskooperativ<\/p>\n<p><strong>Aktiebolag for profit<\/strong><\/p>\n<ul>\n<li>Vinsten g\u00e5r till \u00e4gare som riskpremie<\/li>\n<li>Externa aktie\u00e4gare som vill se vinst<\/li>\n<\/ul>\n<p><strong>Aktiebolag for good<\/strong> (Employee Stock Ownership Plan)<\/p>\n<ul>\n<li>Vinsten \u00e5terinvesteras med 17% till stiftelse f\u00f6r att betala l\u00e5n och \u00f6vrigt \u00a0 \u00a0best\u00e4ms av &#8221;\u00e4garna&#8221; vad den ska anv\u00e4nds till<\/li>\n<\/ul>\n<p>&nbsp;<\/p>\n<p>Organisation och styrning<\/p>\n<p><a href=\"http:\/\/equalexchange.coop\/worker-owned\"><img data-recalc-dims=\"1\" loading=\"lazy\" decoding=\"async\" class=\"alignnone wp-image-230 size-full\" src=\"https:\/\/i0.wp.com\/s3.eu-north-1.amazonaws.com\/kiube.se\/wp-content\/uploads\/sites\/33\/2018\/08\/26170030\/worker-owner-model_0.gif?resize=290%2C285&#038;ssl=1\" alt=\"\" width=\"290\" height=\"285\" \/><\/a><\/p>\n<p>Denna konstruktion ger m\u00f6jlighet f\u00f6r v\u00e4rdeskapare att bli del\u00e4gare i tillg\u00e5ngar som skapas<\/p>\n<p><iframe loading=\"lazy\" title=\"Kan vi go\u0308ra det sja\u0308lva?\" width=\"500\" height=\"281\" src=\"https:\/\/www.youtube.com\/embed\/ru0ylJIHsYg?feature=oembed\" frameborder=\"0\" allow=\"accelerometer; autoplay; clipboard-write; encrypted-media; gyroscope; picture-in-picture; web-share\" referrerpolicy=\"strict-origin-when-cross-origin\" allowfullscreen><\/iframe><\/p>\n<p>&nbsp;<\/p>\n<p>K\u00e4llor<\/p>\n<ul>\n<li><a href=\"https:\/\/www.nceo.org\/articles\/esop-employee-stock-ownership-plan\">NCEO &#8211; nationellt center for employee ownership<\/a> &#8211; USA<\/li>\n<li><a href=\"https:\/\/stockholmsregionen.coompanion.se\/wp-content\/uploads\/sites\/32\/2018\/01\/Witkowsky_Personalagda-foretag-amerikanska-ESOP-modellen.pdf\">Personal\u00e4gda f\u00f6retag och den amerikanska modellen<\/a>, (Coompanion rapport)<\/li>\n<li><a href=\"https:\/\/www.riksdagen.se\/sv\/dokument-lagar\/dokument\/motion\/demokratiserat-agande-av-foretag_H4022633\">Demokratisering av f\u00f6retag, f\u00f6rslag till regeringen MP<\/a><\/li>\n<li><a href=\"https:\/\/www.etc.se\/ekonomi\/modell-ekonomisk-demokrati-sprider-sig-i-usa\">ETC om ESOP och ekonomisk demokrati<\/a><\/li>\n<li><a href=\"https:\/\/www.theguardian.com\/sustainable-business\/2016\/may\/03\/employee-owned-businesses-chobani-new-belgium-brewing\">Artikel the \u00a0Guardians<\/a><\/li>\n<li><a href=\"https:\/\/www.foxbusiness.com\/features\/why-employee-ownership-matters\">Fox business news<\/a><\/li>\n<li>\n<div class=\"page\" title=\"Page 3\">\n<div class=\"layoutArea\">\n<div class=\"column\">\n<p><a href=\"https:\/\/d3n8a8pro7vhmx.cloudfront.net\/nfg\/pages\/447\/attachments\/original\/1487378079\/Surdna_Ours_to_Share_2016.pdf?1487378079\">Surdna Foundation<\/a>\u00a0| <a href=\"https:\/\/en.wikipedia.org\/wiki\/Surdna_Foundation\">Wikipedia<\/a> |<br \/>\n<a href=\"http:\/\/www.surdna.org\"><img data-recalc-dims=\"1\" loading=\"lazy\" decoding=\"async\" class=\"alignnone wp-image-264 size-full\" src=\"https:\/\/i0.wp.com\/s3.eu-north-1.amazonaws.com\/kiube.se\/wp-content\/uploads\/sites\/33\/2018\/08\/26170029\/Logo_Surdna_Foundation.jpg?resize=586%2C82&#038;ssl=1\" alt=\"\" width=\"586\" height=\"82\" srcset=\"http:\/\/s3.eu-north-1.amazonaws.com\/kiube.se\/wp-content\/uploads\/sites\/33\/2018\/08\/26170029\/Logo_Surdna_Foundation.jpg 586w, http:\/\/s3.eu-north-1.amazonaws.com\/kiube.se\/wp-content\/uploads\/sites\/33\/2018\/08\/26170029\/Logo_Surdna_Foundation.jpg 300w\" sizes=\"auto, (max-width: 586px) 100vw, 586px\" \/><\/a><\/p>\n<\/div>\n<\/div>\n<\/div>\n<\/li>\n<\/ul>\n<p>Exempel p\u00e5 f\u00f6retag<\/p>\n<ul>\n<li><a href=\"http:\/\/equalexchange.coop\/worker-owned\">Equel exchange<\/a><br \/>\nAt Equal Exchange we all walk around like we own the place. That&#8217;s because we all do! Our co-op has over 100 worker-owners, each with an equal stake &#8211; and an equal vote &#8211; in our business.<\/li>\n<li>Goretex<\/li>\n<li>Winco Foods<\/li>\n<li>Huawai<\/li>\n<li><a href=\"https:\/\/www.capgemini.com\/news\/capgeminis-third-employee-share-ownership-plan-another-success\/\">Cap Gemini<\/a><\/li>\n<li><a href=\"https:\/\/www.airbus.com\/investors\/employee-share-ownership-plan.html\">Airbus<\/a><\/li>\n<li><a href=\"https:\/\/magelungen.com\">Magelungen<\/a><\/li>\n<\/ul>\n<hr \/>\n<h3>Trust \/ Stiftelse<\/h3>\n<p><a href=\"https:\/\/i0.wp.com\/s3.eu-north-1.amazonaws.com\/kiube.se\/wp-content\/uploads\/sites\/33\/2022\/12\/12183501\/IMG_E9326.jpg?ssl=1\"><img data-recalc-dims=\"1\" loading=\"lazy\" decoding=\"async\" class=\"alignnone size-large wp-image-403\" src=\"https:\/\/i0.wp.com\/s3.eu-north-1.amazonaws.com\/kiube.se\/wp-content\/uploads\/sites\/33\/2022\/12\/12183501\/IMG_E9326-693x1024.jpg?resize=693%2C1024&#038;ssl=1\" alt=\"\" width=\"693\" height=\"1024\" srcset=\"http:\/\/s3.eu-north-1.amazonaws.com\/kiube.se\/wp-content\/uploads\/sites\/33\/2022\/12\/12183501\/IMG_E9326.jpg 693w, http:\/\/s3.eu-north-1.amazonaws.com\/kiube.se\/wp-content\/uploads\/sites\/33\/2022\/12\/12183501\/IMG_E9326.jpg 203w, http:\/\/s3.eu-north-1.amazonaws.com\/kiube.se\/wp-content\/uploads\/sites\/33\/2022\/12\/12183501\/IMG_E9326.jpg 750w\" sizes=\"auto, (max-width: 693px) 100vw, 693px\" \/><\/a> <a href=\"https:\/\/i0.wp.com\/s3.eu-north-1.amazonaws.com\/kiube.se\/wp-content\/uploads\/sites\/33\/2022\/12\/12183504\/IMG_E9274.jpg?ssl=1\"><img data-recalc-dims=\"1\" loading=\"lazy\" decoding=\"async\" class=\"alignnone size-large wp-image-404\" src=\"https:\/\/i0.wp.com\/s3.eu-north-1.amazonaws.com\/kiube.se\/wp-content\/uploads\/sites\/33\/2022\/12\/12183504\/IMG_E9274.jpg?resize=750%2C925&#038;ssl=1\" alt=\"\" width=\"750\" height=\"925\" srcset=\"http:\/\/s3.eu-north-1.amazonaws.com\/kiube.se\/wp-content\/uploads\/sites\/33\/2022\/12\/12183504\/IMG_E9274.jpg 750w, http:\/\/s3.eu-north-1.amazonaws.com\/kiube.se\/wp-content\/uploads\/sites\/33\/2022\/12\/12183504\/IMG_E9274.jpg 243w\" sizes=\"auto, (max-width: 750px) 100vw, 750px\" \/><\/a><\/p>\n","protected":false},"excerpt":{"rendered":"<p>Syftes organisationer (Purpose-Economy) Common Resource Pool (CRP) ESOP Trust icke l\u00e5nefinansierad L\u00e5nefinansierad Kommunalt finansierade &#8211; skolor Det finns i huvudsak tv\u00e5 typer av ESOP-program. Det ena \u00e4r icke l\u00e5nefinansierad och bygger p\u00e5 att f\u00f6retaget, ungef\u00e4r som i Handelsbanken, kontinuerligt avs\u00e4tter pengar eller aktier till en personalstiftelse. Den andra typen, vilken \u00e4r mest intressant f\u00f6r denna [&hellip;]<\/p>\n","protected":false},"author":131,"featured_media":0,"parent":54,"menu_order":0,"comment_status":"closed","ping_status":"closed","template":"","meta":{"footnotes":""},"class_list":["post-215","page","type-page","status-publish","hentry"],"yoast_head":"<!-- This site is optimized with the Yoast SEO plugin v27.4 - https:\/\/yoast.com\/product\/yoast-seo-wordpress\/ -->\n<title>Styrning av f\u00f6retag utan \u00e4gare - Plattformskooperativ<\/title>\n<meta name=\"robots\" content=\"noindex, follow, max-snippet:-1, max-image-preview:large, max-video-preview:-1\" \/>\n<meta property=\"og:locale\" content=\"sv_SE\" \/>\n<meta property=\"og:type\" content=\"article\" \/>\n<meta property=\"og:title\" content=\"Styrning av f\u00f6retag utan \u00e4gare - Plattformskooperativ\" \/>\n<meta property=\"og:description\" content=\"Syftes organisationer (Purpose-Economy) Common Resource Pool (CRP) ESOP Trust icke l\u00e5nefinansierad L\u00e5nefinansierad Kommunalt finansierade &#8211; skolor Det finns i huvudsak tv\u00e5 typer av ESOP-program. Det ena \u00e4r icke l\u00e5nefinansierad och bygger p\u00e5 att f\u00f6retaget, ungef\u00e4r som i Handelsbanken, kontinuerligt avs\u00e4tter pengar eller aktier till en personalstiftelse. Den andra typen, vilken \u00e4r mest intressant f\u00f6r denna [&hellip;]\" \/>\n<meta property=\"og:url\" content=\"http:\/\/kiube.se\/innovation\/?page_id=215\" \/>\n<meta property=\"og:site_name\" content=\"Plattformskooperativ\" \/>\n<meta property=\"article:modified_time\" content=\"2022-12-12T17:35:30+00:00\" \/>\n<meta property=\"og:image\" content=\"https:\/\/i0.wp.com\/s3.eu-north-1.amazonaws.com\/kiube.se\/wp-content\/uploads\/sites\/33\/2018\/08\/26170029\/2018-08-17-11.38.38-am.png?w=303&#038;h=188\" \/>\n<meta name=\"twitter:card\" content=\"summary_large_image\" \/>\n<meta name=\"twitter:label1\" content=\"Ber\u00e4knad l\u00e4stid\" \/>\n\t<meta name=\"twitter:data1\" content=\"3 minuter\" \/>\n<script type=\"application\/ld+json\" class=\"yoast-schema-graph\">{\"@context\":\"https:\\\/\\\/schema.org\",\"@graph\":[{\"@type\":\"WebPage\",\"@id\":\"http:\\\/\\\/kiube.se\\\/innovation\\\/?page_id=215\",\"url\":\"http:\\\/\\\/kiube.se\\\/innovation\\\/?page_id=215\",\"name\":\"Styrning av f\u00f6retag utan \u00e4gare - Plattformskooperativ\",\"isPartOf\":{\"@id\":\"http:\\\/\\\/kiube.se\\\/innovation\\\/#website\"},\"primaryImageOfPage\":{\"@id\":\"http:\\\/\\\/kiube.se\\\/innovation\\\/?page_id=215#primaryimage\"},\"image\":{\"@id\":\"http:\\\/\\\/kiube.se\\\/innovation\\\/?page_id=215#primaryimage\"},\"thumbnailUrl\":\"https:\\\/\\\/kiube.se\\\/innovation\\\/files\\\/2018\\\/08\\\/worker-owner-model_0.gif\",\"datePublished\":\"2018-08-17T06:44:27+00:00\",\"dateModified\":\"2022-12-12T17:35:30+00:00\",\"breadcrumb\":{\"@id\":\"http:\\\/\\\/kiube.se\\\/innovation\\\/?page_id=215#breadcrumb\"},\"inLanguage\":\"sv-SE\",\"potentialAction\":[{\"@type\":\"ReadAction\",\"target\":[\"http:\\\/\\\/kiube.se\\\/innovation\\\/?page_id=215\"]}]},{\"@type\":\"ImageObject\",\"inLanguage\":\"sv-SE\",\"@id\":\"http:\\\/\\\/kiube.se\\\/innovation\\\/?page_id=215#primaryimage\",\"url\":\"https:\\\/\\\/i0.wp.com\\\/s3.eu-north-1.amazonaws.com\\\/kiube.se\\\/wp-content\\\/uploads\\\/sites\\\/33\\\/2018\\\/08\\\/26170030\\\/worker-owner-model_0.gif?fit=290%2C285\",\"contentUrl\":\"https:\\\/\\\/i0.wp.com\\\/s3.eu-north-1.amazonaws.com\\\/kiube.se\\\/wp-content\\\/uploads\\\/sites\\\/33\\\/2018\\\/08\\\/26170030\\\/worker-owner-model_0.gif?fit=290%2C285\",\"width\":290,\"height\":285},{\"@type\":\"BreadcrumbList\",\"@id\":\"http:\\\/\\\/kiube.se\\\/innovation\\\/?page_id=215#breadcrumb\",\"itemListElement\":[{\"@type\":\"ListItem\",\"position\":1,\"name\":\"Hem\",\"item\":\"http:\\\/\\\/kiube.se\\\/innovation\\\/\"},{\"@type\":\"ListItem\",\"position\":2,\"name\":\"Kapitalf\u00f6rs\u00f6rjning\",\"item\":\"http:\\\/\\\/kiube.se\\\/innovation\\\/?page_id=54\"},{\"@type\":\"ListItem\",\"position\":3,\"name\":\"Styrning av f\u00f6retag utan \u00e4gare\"}]},{\"@type\":\"WebSite\",\"@id\":\"http:\\\/\\\/kiube.se\\\/innovation\\\/#website\",\"url\":\"http:\\\/\\\/kiube.se\\\/innovation\\\/\",\"name\":\"Plattformskooperativ\",\"description\":\"handbok f\u00f6r en cirkul\u00e4r ekonomi\",\"potentialAction\":[{\"@type\":\"SearchAction\",\"target\":{\"@type\":\"EntryPoint\",\"urlTemplate\":\"http:\\\/\\\/kiube.se\\\/innovation\\\/?s={search_term_string}\"},\"query-input\":{\"@type\":\"PropertyValueSpecification\",\"valueRequired\":true,\"valueName\":\"search_term_string\"}}],\"inLanguage\":\"sv-SE\"}]}<\/script>\n<!-- \/ Yoast SEO plugin. -->","yoast_head_json":{"title":"Styrning av f\u00f6retag utan \u00e4gare - Plattformskooperativ","robots":{"index":"noindex","follow":"follow","max-snippet":"max-snippet:-1","max-image-preview":"max-image-preview:large","max-video-preview":"max-video-preview:-1"},"og_locale":"sv_SE","og_type":"article","og_title":"Styrning av f\u00f6retag utan \u00e4gare - Plattformskooperativ","og_description":"Syftes organisationer (Purpose-Economy) Common Resource Pool (CRP) ESOP Trust icke l\u00e5nefinansierad L\u00e5nefinansierad Kommunalt finansierade &#8211; skolor Det finns i huvudsak tv\u00e5 typer av ESOP-program. Det ena \u00e4r icke l\u00e5nefinansierad och bygger p\u00e5 att f\u00f6retaget, ungef\u00e4r som i Handelsbanken, kontinuerligt avs\u00e4tter pengar eller aktier till en personalstiftelse. Den andra typen, vilken \u00e4r mest intressant f\u00f6r denna [&hellip;]","og_url":"http:\/\/kiube.se\/innovation\/?page_id=215","og_site_name":"Plattformskooperativ","article_modified_time":"2022-12-12T17:35:30+00:00","og_image":[{"url":"https:\/\/i0.wp.com\/s3.eu-north-1.amazonaws.com\/kiube.se\/wp-content\/uploads\/sites\/33\/2018\/08\/26170029\/2018-08-17-11.38.38-am.png?w=303&#038;h=188","type":"","width":"","height":""}],"twitter_card":"summary_large_image","twitter_misc":{"Ber\u00e4knad l\u00e4stid":"3 minuter"},"schema":{"@context":"https:\/\/schema.org","@graph":[{"@type":"WebPage","@id":"http:\/\/kiube.se\/innovation\/?page_id=215","url":"http:\/\/kiube.se\/innovation\/?page_id=215","name":"Styrning av f\u00f6retag utan \u00e4gare - Plattformskooperativ","isPartOf":{"@id":"http:\/\/kiube.se\/innovation\/#website"},"primaryImageOfPage":{"@id":"http:\/\/kiube.se\/innovation\/?page_id=215#primaryimage"},"image":{"@id":"http:\/\/kiube.se\/innovation\/?page_id=215#primaryimage"},"thumbnailUrl":"https:\/\/kiube.se\/innovation\/files\/2018\/08\/worker-owner-model_0.gif","datePublished":"2018-08-17T06:44:27+00:00","dateModified":"2022-12-12T17:35:30+00:00","breadcrumb":{"@id":"http:\/\/kiube.se\/innovation\/?page_id=215#breadcrumb"},"inLanguage":"sv-SE","potentialAction":[{"@type":"ReadAction","target":["http:\/\/kiube.se\/innovation\/?page_id=215"]}]},{"@type":"ImageObject","inLanguage":"sv-SE","@id":"http:\/\/kiube.se\/innovation\/?page_id=215#primaryimage","url":"https:\/\/i0.wp.com\/s3.eu-north-1.amazonaws.com\/kiube.se\/wp-content\/uploads\/sites\/33\/2018\/08\/26170030\/worker-owner-model_0.gif?fit=290%2C285","contentUrl":"https:\/\/i0.wp.com\/s3.eu-north-1.amazonaws.com\/kiube.se\/wp-content\/uploads\/sites\/33\/2018\/08\/26170030\/worker-owner-model_0.gif?fit=290%2C285","width":290,"height":285},{"@type":"BreadcrumbList","@id":"http:\/\/kiube.se\/innovation\/?page_id=215#breadcrumb","itemListElement":[{"@type":"ListItem","position":1,"name":"Hem","item":"http:\/\/kiube.se\/innovation\/"},{"@type":"ListItem","position":2,"name":"Kapitalf\u00f6rs\u00f6rjning","item":"http:\/\/kiube.se\/innovation\/?page_id=54"},{"@type":"ListItem","position":3,"name":"Styrning av f\u00f6retag utan \u00e4gare"}]},{"@type":"WebSite","@id":"http:\/\/kiube.se\/innovation\/#website","url":"http:\/\/kiube.se\/innovation\/","name":"Plattformskooperativ","description":"handbok f\u00f6r en cirkul\u00e4r ekonomi","potentialAction":[{"@type":"SearchAction","target":{"@type":"EntryPoint","urlTemplate":"http:\/\/kiube.se\/innovation\/?s={search_term_string}"},"query-input":{"@type":"PropertyValueSpecification","valueRequired":true,"valueName":"search_term_string"}}],"inLanguage":"sv-SE"}]}},"jetpack_shortlink":"https:\/\/wp.me\/P2saGP-3t","jetpack-related-posts":[],"_links":{"self":[{"href":"http:\/\/kiube.se\/innovation\/index.php?rest_route=\/wp\/v2\/pages\/215","targetHints":{"allow":["GET"]}}],"collection":[{"href":"http:\/\/kiube.se\/innovation\/index.php?rest_route=\/wp\/v2\/pages"}],"about":[{"href":"http:\/\/kiube.se\/innovation\/index.php?rest_route=\/wp\/v2\/types\/page"}],"author":[{"embeddable":true,"href":"http:\/\/kiube.se\/innovation\/index.php?rest_route=\/wp\/v2\/users\/131"}],"replies":[{"embeddable":true,"href":"http:\/\/kiube.se\/innovation\/index.php?rest_route=%2Fwp%2Fv2%2Fcomments&post=215"}],"version-history":[{"count":0,"href":"http:\/\/kiube.se\/innovation\/index.php?rest_route=\/wp\/v2\/pages\/215\/revisions"}],"up":[{"embeddable":true,"href":"http:\/\/kiube.se\/innovation\/index.php?rest_route=\/wp\/v2\/pages\/54"}],"wp:attachment":[{"href":"http:\/\/kiube.se\/innovation\/index.php?rest_route=%2Fwp%2Fv2%2Fmedia&parent=215"}],"curies":[{"name":"wp","href":"https:\/\/api.w.org\/{rel}","templated":true}]}}