{"id":17,"date":"2015-11-16T19:32:20","date_gmt":"2015-11-16T18:32:20","guid":{"rendered":"http:\/\/kiube.se\/i001\/?page_id=17"},"modified":"2016-01-12T09:46:55","modified_gmt":"2016-01-12T08:46:55","slug":"design-filosofi","status":"publish","type":"page","link":"http:\/\/kiube.se\/i001\/design-filosofi\/","title":{"rendered":"Design Filosofi"},"content":{"rendered":"<ul>\n<li>DVDC &#8211; (Domestic Volt Direct Current)<\/li>\n<li>50 Year lifecycle<\/li>\n<li>Modul\u00e4r design<\/li>\n<li>Resursn\u00e5l tillverkning och utvecklingsprocess (l\u00e4tta o gr\u00f6na)<\/li>\n<li>Anv\u00e4ndbart under l\u00e5ng tid, b\u00e5de fysiskt och utseendem\u00e4ssigt<\/li>\n<li>L\u00e5g milj\u00f6belastning under produktens hela livscykel (50Y)<\/li>\n<\/ul>\n","protected":false},"excerpt":{"rendered":"<p>DVDC &#8211; (Domestic Volt Direct Current) 50 Year lifecycle Modul\u00e4r design Resursn\u00e5l tillverkning och utvecklingsprocess (l\u00e4tta o gr\u00f6na) Anv\u00e4ndbart under l\u00e5ng tid, b\u00e5de fysiskt och utseendem\u00e4ssigt L\u00e5g milj\u00f6belastning under produktens hela livscykel (50Y)<\/p>\n","protected":false},"author":131,"featured_media":0,"parent":0,"menu_order":0,"comment_status":"closed","ping_status":"closed","template":"","meta":{"jetpack_post_was_ever_published":false,"footnotes":""},"class_list":["post-17","page","type-page","status-publish","hentry","has-post-title","has-post-date","has-post-category","has-post-tag","has-post-comment","has-post-author",""],"yoast_head":"<!-- This site is optimized with the Yoast SEO plugin v27.4 - https:\/\/yoast.com\/product\/yoast-seo-wordpress\/ -->\n<title>Design Filosofi - SolarX - X042<\/title>\n<meta name=\"robots\" content=\"index, follow, max-snippet:-1, max-image-preview:large, max-video-preview:-1\" \/>\n<link rel=\"canonical\" href=\"http:\/\/kiube.se\/i001\/design-filosofi\/\" \/>\n<meta property=\"og:locale\" content=\"sv_SE\" \/>\n<meta property=\"og:type\" content=\"article\" \/>\n<meta property=\"og:title\" content=\"Design Filosofi - SolarX - X042\" \/>\n<meta property=\"og:description\" content=\"DVDC &#8211; (Domestic Volt Direct Current) 50 Year lifecycle Modul\u00e4r design Resursn\u00e5l tillverkning och utvecklingsprocess (l\u00e4tta o gr\u00f6na) Anv\u00e4ndbart under l\u00e5ng tid, b\u00e5de fysiskt och utseendem\u00e4ssigt L\u00e5g milj\u00f6belastning under produktens hela livscykel (50Y)\" \/>\n<meta property=\"og:url\" content=\"http:\/\/kiube.se\/i001\/design-filosofi\/\" \/>\n<meta property=\"og:site_name\" content=\"SolarX - X042\" \/>\n<meta property=\"article:modified_time\" content=\"2016-01-12T08:46:55+00:00\" \/>\n<meta name=\"twitter:card\" content=\"summary_large_image\" \/>\n<script type=\"application\/ld+json\" class=\"yoast-schema-graph\">{\"@context\":\"https:\\\/\\\/schema.org\",\"@graph\":[{\"@type\":\"WebPage\",\"@id\":\"http:\\\/\\\/kiube.se\\\/i001\\\/design-filosofi\\\/\",\"url\":\"http:\\\/\\\/kiube.se\\\/i001\\\/design-filosofi\\\/\",\"name\":\"Design Filosofi - SolarX - X042\",\"isPartOf\":{\"@id\":\"http:\\\/\\\/kiube.se\\\/i001\\\/#website\"},\"datePublished\":\"2015-11-16T18:32:20+00:00\",\"dateModified\":\"2016-01-12T08:46:55+00:00\",\"breadcrumb\":{\"@id\":\"http:\\\/\\\/kiube.se\\\/i001\\\/design-filosofi\\\/#breadcrumb\"},\"inLanguage\":\"sv-SE\",\"potentialAction\":[{\"@type\":\"ReadAction\",\"target\":[\"http:\\\/\\\/kiube.se\\\/i001\\\/design-filosofi\\\/\"]}]},{\"@type\":\"BreadcrumbList\",\"@id\":\"http:\\\/\\\/kiube.se\\\/i001\\\/design-filosofi\\\/#breadcrumb\",\"itemListElement\":[{\"@type\":\"ListItem\",\"position\":1,\"name\":\"Hem\",\"item\":\"http:\\\/\\\/kiube.se\\\/i001\\\/\"},{\"@type\":\"ListItem\",\"position\":2,\"name\":\"Design Filosofi\"}]},{\"@type\":\"WebSite\",\"@id\":\"http:\\\/\\\/kiube.se\\\/i001\\\/#website\",\"url\":\"http:\\\/\\\/kiube.se\\\/i001\\\/\",\"name\":\"SolarX - X042\",\"description\":\"Projekt #001 - Solcellsdriven laddstation\",\"potentialAction\":[{\"@type\":\"SearchAction\",\"target\":{\"@type\":\"EntryPoint\",\"urlTemplate\":\"http:\\\/\\\/kiube.se\\\/i001\\\/?s={search_term_string}\"},\"query-input\":{\"@type\":\"PropertyValueSpecification\",\"valueRequired\":true,\"valueName\":\"search_term_string\"}}],\"inLanguage\":\"sv-SE\"}]}<\/script>\n<!-- \/ Yoast SEO plugin. -->","yoast_head_json":{"title":"Design Filosofi - SolarX - X042","robots":{"index":"index","follow":"follow","max-snippet":"max-snippet:-1","max-image-preview":"max-image-preview:large","max-video-preview":"max-video-preview:-1"},"canonical":"http:\/\/kiube.se\/i001\/design-filosofi\/","og_locale":"sv_SE","og_type":"article","og_title":"Design Filosofi - SolarX - X042","og_description":"DVDC &#8211; (Domestic Volt Direct Current) 50 Year lifecycle Modul\u00e4r design Resursn\u00e5l tillverkning och utvecklingsprocess (l\u00e4tta o gr\u00f6na) Anv\u00e4ndbart under l\u00e5ng tid, b\u00e5de fysiskt och utseendem\u00e4ssigt L\u00e5g milj\u00f6belastning under produktens hela livscykel (50Y)","og_url":"http:\/\/kiube.se\/i001\/design-filosofi\/","og_site_name":"SolarX - X042","article_modified_time":"2016-01-12T08:46:55+00:00","twitter_card":"summary_large_image","schema":{"@context":"https:\/\/schema.org","@graph":[{"@type":"WebPage","@id":"http:\/\/kiube.se\/i001\/design-filosofi\/","url":"http:\/\/kiube.se\/i001\/design-filosofi\/","name":"Design Filosofi - SolarX - X042","isPartOf":{"@id":"http:\/\/kiube.se\/i001\/#website"},"datePublished":"2015-11-16T18:32:20+00:00","dateModified":"2016-01-12T08:46:55+00:00","breadcrumb":{"@id":"http:\/\/kiube.se\/i001\/design-filosofi\/#breadcrumb"},"inLanguage":"sv-SE","potentialAction":[{"@type":"ReadAction","target":["http:\/\/kiube.se\/i001\/design-filosofi\/"]}]},{"@type":"BreadcrumbList","@id":"http:\/\/kiube.se\/i001\/design-filosofi\/#breadcrumb","itemListElement":[{"@type":"ListItem","position":1,"name":"Hem","item":"http:\/\/kiube.se\/i001\/"},{"@type":"ListItem","position":2,"name":"Design Filosofi"}]},{"@type":"WebSite","@id":"http:\/\/kiube.se\/i001\/#website","url":"http:\/\/kiube.se\/i001\/","name":"SolarX - X042","description":"Projekt #001 - Solcellsdriven laddstation","potentialAction":[{"@type":"SearchAction","target":{"@type":"EntryPoint","urlTemplate":"http:\/\/kiube.se\/i001\/?s={search_term_string}"},"query-input":{"@type":"PropertyValueSpecification","valueRequired":true,"valueName":"search_term_string"}}],"inLanguage":"sv-SE"}]}},"jetpack_sharing_enabled":true,"jetpack_shortlink":"https:\/\/wp.me\/P8nIVY-h","jetpack-related-posts":[],"builder_content":"","_links":{"self":[{"href":"http:\/\/kiube.se\/i001\/wp-json\/wp\/v2\/pages\/17","targetHints":{"allow":["GET"]}}],"collection":[{"href":"http:\/\/kiube.se\/i001\/wp-json\/wp\/v2\/pages"}],"about":[{"href":"http:\/\/kiube.se\/i001\/wp-json\/wp\/v2\/types\/page"}],"author":[{"embeddable":true,"href":"http:\/\/kiube.se\/i001\/wp-json\/wp\/v2\/users\/131"}],"replies":[{"embeddable":true,"href":"http:\/\/kiube.se\/i001\/wp-json\/wp\/v2\/comments?post=17"}],"version-history":[{"count":0,"href":"http:\/\/kiube.se\/i001\/wp-json\/wp\/v2\/pages\/17\/revisions"}],"wp:attachment":[{"href":"http:\/\/kiube.se\/i001\/wp-json\/wp\/v2\/media?parent=17"}],"curies":[{"name":"wp","href":"https:\/\/api.w.org\/{rel}","templated":true}]}}